{"id":739,"date":"2021-04-21T09:16:35","date_gmt":"2021-04-21T09:16:35","guid":{"rendered":"https:\/\/biogeo.ubbcluj.ro\/sdbi\/?page_id=739"},"modified":"2026-02-27T11:26:21","modified_gmt":"2026-02-27T11:26:21","slug":"academic-courses","status":"publish","type":"page","link":"https:\/\/biogeo.ubbcluj.ro\/sdbi\/?page_id=739&lang=en","title":{"rendered":"Academic Courses"},"content":{"rendered":"\n<h3 class=\"wp-block-heading\">The 2025-2026 curriculum of academic courses oferred by the Doctoral School of Integrative Biology includes:<\/h3>\n\n\n\n<div style=\"height:50px\" aria-hidden=\"true\" class=\"wp-block-spacer\"><\/div>\n\n\n\n<div class=\"wp-block-columns is-layout-flex wp-container-core-columns-is-layout-9d6595d7 wp-block-columns-is-layout-flex\">\n<div class=\"wp-block-column is-layout-flow wp-block-column-is-layout-flow\">\n<h4 class=\"wp-block-heading\"><strong><a href=\"https:\/\/biogeo.ubbcluj.ro\/sdbi\/wp-content\/uploads\/2026\/02\/2026_Integrative_Bioinformatics_EN_Banciu_Cojocaru.pdf\" data-type=\"link\" data-id=\"https:\/\/biogeo.ubbcluj.ro\/sdbi\/wp-content\/uploads\/2026\/02\/2026_Integrative_Bioinformatics_EN_Banciu_Cojocaru.pdf\">Integrative Bioinformatics<\/a><\/strong><\/h4>\n\n\n\n<h5 class=\"wp-block-heading\">Prof. Dr. Horia-Leonard Banicu \/ C.S.I Dr. Vlad Cojocaru<\/h5>\n<\/div>\n\n\n\n<div class=\"wp-block-column is-layout-flow wp-block-column-is-layout-flow\">\n<h4 class=\"wp-block-heading\"><strong><a href=\"https:\/\/biogeo.ubbcluj.ro\/sdbi\/wp-content\/uploads\/2026\/02\/2026_Phylogeography_and_numerical_analysis_EN_Puscas_Gafta.pdf\" data-type=\"link\" data-id=\"https:\/\/biogeo.ubbcluj.ro\/sdbi\/wp-content\/uploads\/2026\/02\/2026_Phylogeography_and_numerical_analysis_EN_Puscas_Gafta.pdf\">Phylogeography and numerical analysis<\/a><\/strong><\/h4>\n\n\n\n<h5 class=\"wp-block-heading\">Conf. dr. Habil. Mihai Pu\u0219ca\u0219 \u0219i Conf. dr. Dan Gafta<\/h5>\n<\/div>\n\n\n\n<div class=\"wp-block-column is-layout-flow wp-block-column-is-layout-flow\">\n<h4 class=\"wp-block-heading\"><strong><a href=\"https:\/\/biogeo.ubbcluj.ro\/sdbi\/wp-content\/uploads\/2026\/02\/2026_Ethics_and_academic_integrity_EN_Ruprecht.pdf\" data-type=\"link\" data-id=\"https:\/\/biogeo.ubbcluj.ro\/sdbi\/wp-content\/uploads\/2026\/02\/2026_Ethics_and_academic_integrity_EN_Ruprecht.pdf\">Ethics and academic integrity<\/a><\/strong><\/h4>\n\n\n\n<h5 class=\"wp-block-heading\">Conf. Dr. Habil. Eszter Ruprecht<\/h5>\n<\/div>\n<\/div>\n\n\n\n<div style=\"height:25px\" aria-hidden=\"true\" class=\"wp-block-spacer\"><\/div>\n\n\n\n<div class=\"wp-block-columns is-layout-flex wp-container-core-columns-is-layout-9d6595d7 wp-block-columns-is-layout-flex\">\n<div class=\"wp-block-column is-layout-flow wp-block-column-is-layout-flow\">\n<h4 class=\"wp-block-heading\"><strong><a href=\"https:\/\/biogeo.ubbcluj.ro\/sdbi\/wp-content\/uploads\/2023\/03\/BRD1109_Sociobiologie_RO_MarkoB.pdf\" data-type=\"link\" data-id=\"https:\/\/biogeo.ubbcluj.ro\/sdbi\/wp-content\/uploads\/2023\/03\/BRD1109_Sociobiologie_RO_MarkoB.pdf\">Sociobiology<\/a><\/strong><\/h4>\n\n\n\n<h5 class=\"wp-block-heading\">Prof. Univ. dr. B\u00e1lint Mark\u00f3<\/h5>\n<\/div>\n\n\n\n<div class=\"wp-block-column is-layout-flow wp-block-column-is-layout-flow\">\n<h4 class=\"wp-block-heading\"><strong><a href=\"https:\/\/biogeo.ubbcluj.ro\/sdbi\/wp-content\/uploads\/2026\/02\/2026_Spatial_data_analysis_in_R_EN_Turtureanu_Laszlo.pdf\" data-type=\"link\" data-id=\"https:\/\/biogeo.ubbcluj.ro\/sdbi\/wp-content\/uploads\/2026\/02\/2026_Spatial_data_analysis_in_R_EN_Turtureanu_Laszlo.pdf\">Spatial data analysis in R<\/a><\/strong><\/h4>\n\n\n\n<h5 class=\"wp-block-heading\">Conf. Dr. Zolt\u00e1n L\u00e1szl\u00f3 \/ C.S. II Dr. Pavel Dan Turtureanu<\/h5>\n<\/div>\n\n\n\n<div class=\"wp-block-column is-layout-flow wp-block-column-is-layout-flow\">\n<h4 class=\"wp-block-heading\"><strong><a href=\"https:\/\/biogeo.ubbcluj.ro\/sdbi\/wp-content\/uploads\/2026\/02\/2026_Applied_biostatistics_in_R_EN_Fulop_Laszlo.pdf\" data-type=\"link\" data-id=\"https:\/\/biogeo.ubbcluj.ro\/sdbi\/wp-content\/uploads\/2026\/02\/2026_Applied_biostatistics_in_R_EN_Fulop_Laszlo.pdf\">Applied Biostatistics in R<\/a><\/strong><\/h4>\n\n\n\n<h5 class=\"wp-block-heading\">Conf. Dr. Zolt\u00e1n L\u00e1szl\u00f3 \/ Dr. Attila F\u00fcl\u00f6p<\/h5>\n<\/div>\n<\/div>\n\n\n\n<div style=\"height:25px\" aria-hidden=\"true\" class=\"wp-block-spacer\"><\/div>\n\n\n\n<div class=\"wp-block-columns is-layout-flex wp-container-core-columns-is-layout-9d6595d7 wp-block-columns-is-layout-flex\">\n<div class=\"wp-block-column is-layout-flow wp-block-column-is-layout-flow\">\n<h4 class=\"wp-block-heading\"><strong><a href=\"https:\/\/biogeo.ubbcluj.ro\/sdbi\/wp-content\/uploads\/2026\/02\/2026_Priority_Habitats_EN_Rakosy.pdf\" data-type=\"link\" data-id=\"https:\/\/biogeo.ubbcluj.ro\/sdbi\/wp-content\/uploads\/2026\/02\/2026_Priority_Habitats_EN_Rakosy.pdf\">Priority habitats in Romania<\/a><\/strong><\/h4>\n\n\n\n<h5 class=\"wp-block-heading\">Prof. Univ. Dr. L\u00e1szl\u00f3 R\u00e1kosy<\/h5>\n<\/div>\n\n\n\n<div class=\"wp-block-column is-layout-flow wp-block-column-is-layout-flow\">\n<h4 class=\"wp-block-heading\"><span data-olk-copy-source=\"MessageBody\"><strong><a href=\"https:\/\/biogeo.ubbcluj.ro\/sdbi\/wp-content\/uploads\/2026\/02\/2026_Genomic_history_in_old_populations_EN_IM_BK.pdf\" data-type=\"link\" data-id=\"https:\/\/biogeo.ubbcluj.ro\/sdbi\/wp-content\/uploads\/2026\/02\/2026_Genomic_history_in_old_populations_EN_IM_BK.pdf\">Genomic history of ancient populations and their living environment<\/a><\/strong><\/span><\/h4>\n\n\n\n<h5 class=\"wp-block-heading\">C.S.II Ioana Meleg \/ Conf. Dr. Beatrice Kelemen<\/h5>\n<\/div>\n\n\n\n<div class=\"wp-block-column is-layout-flow wp-block-column-is-layout-flow\">\n<h4 class=\"wp-block-heading\"><strong><a href=\"https:\/\/biogeo.ubbcluj.ro\/sdbi\/wp-content\/uploads\/2026\/02\/2026_Development_implementing_projects_ecology_EN_Meleg.pdf\" data-type=\"link\" data-id=\"https:\/\/biogeo.ubbcluj.ro\/sdbi\/wp-content\/uploads\/2026\/02\/2026_Development_implementing_projects_ecology_EN_Meleg.pdf\">Developing and implementing projects in ecology<\/a><\/strong><\/h4>\n\n\n\n<h5 class=\"wp-block-heading\">C.S.II Ioana Meleg<\/h5>\n<\/div>\n<\/div>\n\n\n\n<div style=\"height:25px\" aria-hidden=\"true\" class=\"wp-block-spacer\"><\/div>\n\n\n\n<p><\/p>\n","protected":false},"excerpt":{"rendered":"<p>The 2025-2026 curriculum of academic courses oferred by the Doctoral School of Integrative Biology includes: Integrative Bioinformatics Prof. Dr. Horia-Leonard Banicu \/ C.S.I Dr. Vlad Cojocaru Phylogeography and numerical analysis Conf. dr. Habil. Mihai Pu\u0219ca\u0219 \u0219i Conf. dr. Dan Gafta Ethics and academic integrity Conf. Dr. Habil. Eszter Ruprecht Sociobiology&hellip;<\/p>\n","protected":false},"author":1,"featured_media":0,"parent":0,"menu_order":0,"comment_status":"closed","ping_status":"closed","template":"fullwidth-template.php","meta":{"footnotes":""},"class_list":["post-739","page","type-page","status-publish","hentry"],"yoast_head":"<!-- This site is optimized with the Yoast SEO plugin v27.0 - https:\/\/yoast.com\/product\/yoast-seo-wordpress\/ -->\n<title>Academic Courses - Scoala Doctorala Biologie Integrativa<\/title>\n<meta name=\"robots\" content=\"index, follow, max-snippet:-1, max-image-preview:large, max-video-preview:-1\" \/>\n<link rel=\"canonical\" href=\"https:\/\/biogeo.ubbcluj.ro\/sdbi\/?page_id=739&lang=en\" \/>\n<meta property=\"og:locale\" content=\"en_US\" \/>\n<meta property=\"og:type\" content=\"article\" \/>\n<meta property=\"og:title\" content=\"Academic Courses - Scoala Doctorala Biologie Integrativa\" \/>\n<meta property=\"og:description\" content=\"The 2025-2026 curriculum of academic courses oferred by the Doctoral School of Integrative Biology includes: Integrative Bioinformatics Prof. Dr. Horia-Leonard Banicu \/ C.S.I Dr. Vlad Cojocaru Phylogeography and numerical analysis Conf. dr. Habil. Mihai Pu\u0219ca\u0219 \u0219i Conf. dr. Dan Gafta Ethics and academic integrity Conf. Dr. Habil. Eszter Ruprecht Sociobiology&hellip;\" \/>\n<meta property=\"og:url\" content=\"https:\/\/biogeo.ubbcluj.ro\/sdbi\/?page_id=739&amp;lang=en\" \/>\n<meta property=\"og:site_name\" content=\"Scoala Doctorala Biologie Integrativa\" \/>\n<meta property=\"article:modified_time\" content=\"2026-02-27T11:26:21+00:00\" \/>\n<meta name=\"twitter:card\" content=\"summary_large_image\" \/>\n<meta name=\"twitter:label1\" content=\"Est. reading time\" \/>\n\t<meta name=\"twitter:data1\" content=\"1 minute\" \/>\n<script type=\"application\/ld+json\" class=\"yoast-schema-graph\">{\"@context\":\"https:\/\/schema.org\",\"@graph\":[{\"@type\":\"WebPage\",\"@id\":\"https:\/\/biogeo.ubbcluj.ro\/sdbi\/?page_id=739&lang=en\",\"url\":\"https:\/\/biogeo.ubbcluj.ro\/sdbi\/?page_id=739&lang=en\",\"name\":\"Academic Courses - Scoala Doctorala Biologie Integrativa\",\"isPartOf\":{\"@id\":\"https:\/\/biogeo.ubbcluj.ro\/sdbi\/#website\"},\"datePublished\":\"2021-04-21T09:16:35+00:00\",\"dateModified\":\"2026-02-27T11:26:21+00:00\",\"breadcrumb\":{\"@id\":\"https:\/\/biogeo.ubbcluj.ro\/sdbi\/?page_id=739&lang=en#breadcrumb\"},\"inLanguage\":\"en-US\",\"potentialAction\":[{\"@type\":\"ReadAction\",\"target\":[\"https:\/\/biogeo.ubbcluj.ro\/sdbi\/?page_id=739&lang=en\"]}]},{\"@type\":\"BreadcrumbList\",\"@id\":\"https:\/\/biogeo.ubbcluj.ro\/sdbi\/?page_id=739&lang=en#breadcrumb\",\"itemListElement\":[{\"@type\":\"ListItem\",\"position\":1,\"name\":\"Home\",\"item\":\"https:\/\/biogeo.ubbcluj.ro\/sdbi\/\"},{\"@type\":\"ListItem\",\"position\":2,\"name\":\"Academic Courses\"}]},{\"@type\":\"WebSite\",\"@id\":\"https:\/\/biogeo.ubbcluj.ro\/sdbi\/#website\",\"url\":\"https:\/\/biogeo.ubbcluj.ro\/sdbi\/\",\"name\":\"Scoala Doctorala Biologie Integrativa\",\"description\":\"\",\"publisher\":{\"@id\":\"https:\/\/biogeo.ubbcluj.ro\/sdbi\/#organization\"},\"potentialAction\":[{\"@type\":\"SearchAction\",\"target\":{\"@type\":\"EntryPoint\",\"urlTemplate\":\"https:\/\/biogeo.ubbcluj.ro\/sdbi\/?s={search_term_string}\"},\"query-input\":{\"@type\":\"PropertyValueSpecification\",\"valueRequired\":true,\"valueName\":\"search_term_string\"}}],\"inLanguage\":\"en-US\"},{\"@type\":\"Organization\",\"@id\":\"https:\/\/biogeo.ubbcluj.ro\/sdbi\/#organization\",\"name\":\"Scoala Doctorala Biologie Integrativa\",\"url\":\"https:\/\/biogeo.ubbcluj.ro\/sdbi\/\",\"logo\":{\"@type\":\"ImageObject\",\"inLanguage\":\"en-US\",\"@id\":\"https:\/\/biogeo.ubbcluj.ro\/sdbi\/#\/schema\/logo\/image\/\",\"url\":\"https:\/\/biogeo.ubbcluj.ro\/sdbi\/wp-content\/uploads\/2024\/10\/cropped-DSIB_Logo-04.png\",\"contentUrl\":\"https:\/\/biogeo.ubbcluj.ro\/sdbi\/wp-content\/uploads\/2024\/10\/cropped-DSIB_Logo-04.png\",\"width\":2499,\"height\":665,\"caption\":\"Scoala Doctorala Biologie Integrativa\"},\"image\":{\"@id\":\"https:\/\/biogeo.ubbcluj.ro\/sdbi\/#\/schema\/logo\/image\/\"}}]}<\/script>\n<!-- \/ Yoast SEO plugin. -->","yoast_head_json":{"title":"Academic Courses - Scoala Doctorala Biologie Integrativa","robots":{"index":"index","follow":"follow","max-snippet":"max-snippet:-1","max-image-preview":"max-image-preview:large","max-video-preview":"max-video-preview:-1"},"canonical":"https:\/\/biogeo.ubbcluj.ro\/sdbi\/?page_id=739&lang=en","og_locale":"en_US","og_type":"article","og_title":"Academic Courses - Scoala Doctorala Biologie Integrativa","og_description":"The 2025-2026 curriculum of academic courses oferred by the Doctoral School of Integrative Biology includes: Integrative Bioinformatics Prof. Dr. Horia-Leonard Banicu \/ C.S.I Dr. Vlad Cojocaru Phylogeography and numerical analysis Conf. dr. Habil. Mihai Pu\u0219ca\u0219 \u0219i Conf. dr. Dan Gafta Ethics and academic integrity Conf. Dr. Habil. Eszter Ruprecht Sociobiology&hellip;","og_url":"https:\/\/biogeo.ubbcluj.ro\/sdbi\/?page_id=739&lang=en","og_site_name":"Scoala Doctorala Biologie Integrativa","article_modified_time":"2026-02-27T11:26:21+00:00","twitter_card":"summary_large_image","twitter_misc":{"Est. reading time":"1 minute"},"schema":{"@context":"https:\/\/schema.org","@graph":[{"@type":"WebPage","@id":"https:\/\/biogeo.ubbcluj.ro\/sdbi\/?page_id=739&lang=en","url":"https:\/\/biogeo.ubbcluj.ro\/sdbi\/?page_id=739&lang=en","name":"Academic Courses - Scoala Doctorala Biologie Integrativa","isPartOf":{"@id":"https:\/\/biogeo.ubbcluj.ro\/sdbi\/#website"},"datePublished":"2021-04-21T09:16:35+00:00","dateModified":"2026-02-27T11:26:21+00:00","breadcrumb":{"@id":"https:\/\/biogeo.ubbcluj.ro\/sdbi\/?page_id=739&lang=en#breadcrumb"},"inLanguage":"en-US","potentialAction":[{"@type":"ReadAction","target":["https:\/\/biogeo.ubbcluj.ro\/sdbi\/?page_id=739&lang=en"]}]},{"@type":"BreadcrumbList","@id":"https:\/\/biogeo.ubbcluj.ro\/sdbi\/?page_id=739&lang=en#breadcrumb","itemListElement":[{"@type":"ListItem","position":1,"name":"Home","item":"https:\/\/biogeo.ubbcluj.ro\/sdbi\/"},{"@type":"ListItem","position":2,"name":"Academic Courses"}]},{"@type":"WebSite","@id":"https:\/\/biogeo.ubbcluj.ro\/sdbi\/#website","url":"https:\/\/biogeo.ubbcluj.ro\/sdbi\/","name":"Scoala Doctorala Biologie Integrativa","description":"","publisher":{"@id":"https:\/\/biogeo.ubbcluj.ro\/sdbi\/#organization"},"potentialAction":[{"@type":"SearchAction","target":{"@type":"EntryPoint","urlTemplate":"https:\/\/biogeo.ubbcluj.ro\/sdbi\/?s={search_term_string}"},"query-input":{"@type":"PropertyValueSpecification","valueRequired":true,"valueName":"search_term_string"}}],"inLanguage":"en-US"},{"@type":"Organization","@id":"https:\/\/biogeo.ubbcluj.ro\/sdbi\/#organization","name":"Scoala Doctorala Biologie Integrativa","url":"https:\/\/biogeo.ubbcluj.ro\/sdbi\/","logo":{"@type":"ImageObject","inLanguage":"en-US","@id":"https:\/\/biogeo.ubbcluj.ro\/sdbi\/#\/schema\/logo\/image\/","url":"https:\/\/biogeo.ubbcluj.ro\/sdbi\/wp-content\/uploads\/2024\/10\/cropped-DSIB_Logo-04.png","contentUrl":"https:\/\/biogeo.ubbcluj.ro\/sdbi\/wp-content\/uploads\/2024\/10\/cropped-DSIB_Logo-04.png","width":2499,"height":665,"caption":"Scoala Doctorala Biologie Integrativa"},"image":{"@id":"https:\/\/biogeo.ubbcluj.ro\/sdbi\/#\/schema\/logo\/image\/"}}]}},"_links":{"self":[{"href":"https:\/\/biogeo.ubbcluj.ro\/sdbi\/index.php?rest_route=\/wp\/v2\/pages\/739","targetHints":{"allow":["GET"]}}],"collection":[{"href":"https:\/\/biogeo.ubbcluj.ro\/sdbi\/index.php?rest_route=\/wp\/v2\/pages"}],"about":[{"href":"https:\/\/biogeo.ubbcluj.ro\/sdbi\/index.php?rest_route=\/wp\/v2\/types\/page"}],"author":[{"embeddable":true,"href":"https:\/\/biogeo.ubbcluj.ro\/sdbi\/index.php?rest_route=\/wp\/v2\/users\/1"}],"replies":[{"embeddable":true,"href":"https:\/\/biogeo.ubbcluj.ro\/sdbi\/index.php?rest_route=%2Fwp%2Fv2%2Fcomments&post=739"}],"version-history":[{"count":40,"href":"https:\/\/biogeo.ubbcluj.ro\/sdbi\/index.php?rest_route=\/wp\/v2\/pages\/739\/revisions"}],"predecessor-version":[{"id":2891,"href":"https:\/\/biogeo.ubbcluj.ro\/sdbi\/index.php?rest_route=\/wp\/v2\/pages\/739\/revisions\/2891"}],"wp:attachment":[{"href":"https:\/\/biogeo.ubbcluj.ro\/sdbi\/index.php?rest_route=%2Fwp%2Fv2%2Fmedia&parent=739"}],"curies":[{"name":"wp","href":"https:\/\/api.w.org\/{rel}","templated":true}]}}