{"id":3132,"date":"2026-02-28T08:01:18","date_gmt":"2026-02-28T08:01:18","guid":{"rendered":"https:\/\/biogeo.ubbcluj.ro\/sdbi\/?page_id=3132"},"modified":"2026-02-28T08:18:45","modified_gmt":"2026-02-28T08:18:45","slug":"conducere-doctorat","status":"publish","type":"page","link":"https:\/\/biogeo.ubbcluj.ro\/sdbi\/?page_id=3132","title":{"rendered":"Conducere doctorat"},"content":{"rendered":"\n<h2 class=\"wp-block-heading\"><strong>De ce s\u0103 te al\u0103turi \u0218colii Doctorale de Biologie Integrativ\u0103 ca si conduc<strong>\u0103<\/strong>tor de doctorat ?<\/strong><\/h2>\n\n\n\n<div style=\"height:50px\" aria-hidden=\"true\" class=\"wp-block-spacer\"><\/div>\n\n\n\n<div class=\"wp-block-columns is-layout-flex wp-container-core-columns-is-layout-9d6595d7 wp-block-columns-is-layout-flex\">\n<div class=\"wp-block-column is-layout-flow wp-block-column-is-layout-flow\">\n<h2 class=\"wp-block-heading has-text-align-center\"><strong><strong><a href=\"https:\/\/biogeo.ubbcluj.ro\/sdbi\/?page_id=52\" data-type=\"page\" data-id=\"52\">Abilitarea<\/a><\/strong><\/strong><\/h2>\n<\/div>\n\n\n\n<div class=\"wp-block-column is-layout-flow wp-block-column-is-layout-flow\">\n<h2 class=\"wp-block-heading has-text-align-center\"><a href=\"https:\/\/biogeo.ubbcluj.ro\/sdbi\/?page_id=2168\" data-type=\"page\" data-id=\"2168\"><strong>Cooptarea in \u015eDBI<\/strong><\/a><\/h2>\n<\/div>\n<\/div>\n\n\n\n<p>\u015eDBI este departamentul care organizeaz\u0103 studii doctorale \u00een domeniul biologiei. \u00cendrumarea \u0219i absolvirea studiilor de doctorat reprezint\u0103 o etap\u0103 esen\u021bial\u0103 a carierei academice. A fi conduc\u0103tor de doctorat \u00een SDBI ofer\u0103 oportunitatea de a dezvolta proiecte de cercetare inovatoare \u0219i de a ghida studen\u021bii absolven\u021bi \u00een etapele lor de \u00eenceput de carier\u0103, care definesc dezvoltarea viitoare a vie\u021bii lor profesionale. \u00cen DSIB, oferim studen\u021bilor absolven\u021bi condi\u021bii optime \u00een ceea ce prive\u0219te supervizarea \u0219i infrastructura pentru proiectele lor de cercetare.<\/p>\n\n\n\n<p>Pa\u0219ii pentru a deveni conduc\u0103tor de doctorat \u00een cadrul SDBI sunt:<\/p>\n\n\n\n<ul class=\"wp-block-list\">\n<li>Ob\u021binerea unui certificat de abilitare (certificat care acord\u0103 rolul de conduc\u0103tor de doctorat) \u00een Biologie sau domenii conexe<\/li>\n\n\n\n<li>Echivalarea certificatului de abilitare dac\u0103 a fost ob\u021binut \u00eentr-un domeniu diferit de biologie<\/li>\n\n\n\n<li>Cooptarea \u00een DSIB (pentru detalii, consulta\u021bi <a href=\"https:\/\/biogeo.ubbcluj.ro\/institut_test\/?page_id=2168\" data-type=\"page\" data-id=\"2168\">ghidul<\/a> nostru)<\/li>\n\n\n\n<li>Supervizarea efectiv\u0103 a doctranzilor<\/li>\n<\/ul>\n","protected":false},"excerpt":{"rendered":"<p>De ce s\u0103 te al\u0103turi \u0218colii Doctorale de Biologie Integrativ\u0103 ca si conduc\u0103tor de doctorat ? Abilitarea Cooptarea in \u015eDBI \u015eDBI este departamentul care organizeaz\u0103 studii doctorale \u00een domeniul biologiei. \u00cendrumarea \u0219i absolvirea studiilor de doctorat reprezint\u0103 o etap\u0103 esen\u021bial\u0103 a carierei academice. A fi conduc\u0103tor de doctorat \u00een SDBI&hellip;<\/p>\n","protected":false},"author":3,"featured_media":0,"parent":0,"menu_order":0,"comment_status":"closed","ping_status":"closed","template":"","meta":{"footnotes":""},"class_list":["post-3132","page","type-page","status-publish","hentry"],"yoast_head":"<!-- This site is optimized with the Yoast SEO plugin v27.0 - https:\/\/yoast.com\/product\/yoast-seo-wordpress\/ -->\n<title>Conducere doctorat - Scoala Doctorala Biologie Integrativa<\/title>\n<meta name=\"robots\" content=\"index, follow, max-snippet:-1, max-image-preview:large, max-video-preview:-1\" \/>\n<link rel=\"canonical\" href=\"https:\/\/biogeo.ubbcluj.ro\/sdbi\/?page_id=3132\" \/>\n<meta property=\"og:locale\" content=\"en_US\" \/>\n<meta property=\"og:type\" content=\"article\" \/>\n<meta property=\"og:title\" content=\"Conducere doctorat - Scoala Doctorala Biologie Integrativa\" \/>\n<meta property=\"og:description\" content=\"De ce s\u0103 te al\u0103turi \u0218colii Doctorale de Biologie Integrativ\u0103 ca si conduc\u0103tor de doctorat ? Abilitarea Cooptarea in \u015eDBI \u015eDBI este departamentul care organizeaz\u0103 studii doctorale \u00een domeniul biologiei. \u00cendrumarea \u0219i absolvirea studiilor de doctorat reprezint\u0103 o etap\u0103 esen\u021bial\u0103 a carierei academice. A fi conduc\u0103tor de doctorat \u00een SDBI&hellip;\" \/>\n<meta property=\"og:url\" content=\"https:\/\/biogeo.ubbcluj.ro\/sdbi\/?page_id=3132\" \/>\n<meta property=\"og:site_name\" content=\"Scoala Doctorala Biologie Integrativa\" \/>\n<meta property=\"article:modified_time\" content=\"2026-02-28T08:18:45+00:00\" \/>\n<meta name=\"twitter:card\" content=\"summary_large_image\" \/>\n<meta name=\"twitter:label1\" content=\"Est. reading time\" \/>\n\t<meta name=\"twitter:data1\" content=\"1 minute\" \/>\n<script type=\"application\/ld+json\" class=\"yoast-schema-graph\">{\"@context\":\"https:\/\/schema.org\",\"@graph\":[{\"@type\":\"WebPage\",\"@id\":\"https:\/\/biogeo.ubbcluj.ro\/sdbi\/?page_id=3132\",\"url\":\"https:\/\/biogeo.ubbcluj.ro\/sdbi\/?page_id=3132\",\"name\":\"Conducere doctorat - Scoala Doctorala Biologie Integrativa\",\"isPartOf\":{\"@id\":\"https:\/\/biogeo.ubbcluj.ro\/sdbi\/#website\"},\"datePublished\":\"2026-02-28T08:01:18+00:00\",\"dateModified\":\"2026-02-28T08:18:45+00:00\",\"breadcrumb\":{\"@id\":\"https:\/\/biogeo.ubbcluj.ro\/sdbi\/?page_id=3132#breadcrumb\"},\"inLanguage\":\"en-US\",\"potentialAction\":[{\"@type\":\"ReadAction\",\"target\":[\"https:\/\/biogeo.ubbcluj.ro\/sdbi\/?page_id=3132\"]}]},{\"@type\":\"BreadcrumbList\",\"@id\":\"https:\/\/biogeo.ubbcluj.ro\/sdbi\/?page_id=3132#breadcrumb\",\"itemListElement\":[{\"@type\":\"ListItem\",\"position\":1,\"name\":\"Home\",\"item\":\"https:\/\/biogeo.ubbcluj.ro\/sdbi\/\"},{\"@type\":\"ListItem\",\"position\":2,\"name\":\"Conducere doctorat\"}]},{\"@type\":\"WebSite\",\"@id\":\"https:\/\/biogeo.ubbcluj.ro\/sdbi\/#website\",\"url\":\"https:\/\/biogeo.ubbcluj.ro\/sdbi\/\",\"name\":\"Scoala Doctorala Biologie Integrativa\",\"description\":\"\",\"publisher\":{\"@id\":\"https:\/\/biogeo.ubbcluj.ro\/sdbi\/#organization\"},\"potentialAction\":[{\"@type\":\"SearchAction\",\"target\":{\"@type\":\"EntryPoint\",\"urlTemplate\":\"https:\/\/biogeo.ubbcluj.ro\/sdbi\/?s={search_term_string}\"},\"query-input\":{\"@type\":\"PropertyValueSpecification\",\"valueRequired\":true,\"valueName\":\"search_term_string\"}}],\"inLanguage\":\"en-US\"},{\"@type\":\"Organization\",\"@id\":\"https:\/\/biogeo.ubbcluj.ro\/sdbi\/#organization\",\"name\":\"Scoala Doctorala Biologie Integrativa\",\"url\":\"https:\/\/biogeo.ubbcluj.ro\/sdbi\/\",\"logo\":{\"@type\":\"ImageObject\",\"inLanguage\":\"en-US\",\"@id\":\"https:\/\/biogeo.ubbcluj.ro\/sdbi\/#\/schema\/logo\/image\/\",\"url\":\"https:\/\/biogeo.ubbcluj.ro\/sdbi\/wp-content\/uploads\/2024\/10\/cropped-DSIB_Logo-04.png\",\"contentUrl\":\"https:\/\/biogeo.ubbcluj.ro\/sdbi\/wp-content\/uploads\/2024\/10\/cropped-DSIB_Logo-04.png\",\"width\":2499,\"height\":665,\"caption\":\"Scoala Doctorala Biologie Integrativa\"},\"image\":{\"@id\":\"https:\/\/biogeo.ubbcluj.ro\/sdbi\/#\/schema\/logo\/image\/\"}}]}<\/script>\n<!-- \/ Yoast SEO plugin. -->","yoast_head_json":{"title":"Conducere doctorat - Scoala Doctorala Biologie Integrativa","robots":{"index":"index","follow":"follow","max-snippet":"max-snippet:-1","max-image-preview":"max-image-preview:large","max-video-preview":"max-video-preview:-1"},"canonical":"https:\/\/biogeo.ubbcluj.ro\/sdbi\/?page_id=3132","og_locale":"en_US","og_type":"article","og_title":"Conducere doctorat - Scoala Doctorala Biologie Integrativa","og_description":"De ce s\u0103 te al\u0103turi \u0218colii Doctorale de Biologie Integrativ\u0103 ca si conduc\u0103tor de doctorat ? Abilitarea Cooptarea in \u015eDBI \u015eDBI este departamentul care organizeaz\u0103 studii doctorale \u00een domeniul biologiei. \u00cendrumarea \u0219i absolvirea studiilor de doctorat reprezint\u0103 o etap\u0103 esen\u021bial\u0103 a carierei academice. A fi conduc\u0103tor de doctorat \u00een SDBI&hellip;","og_url":"https:\/\/biogeo.ubbcluj.ro\/sdbi\/?page_id=3132","og_site_name":"Scoala Doctorala Biologie Integrativa","article_modified_time":"2026-02-28T08:18:45+00:00","twitter_card":"summary_large_image","twitter_misc":{"Est. reading time":"1 minute"},"schema":{"@context":"https:\/\/schema.org","@graph":[{"@type":"WebPage","@id":"https:\/\/biogeo.ubbcluj.ro\/sdbi\/?page_id=3132","url":"https:\/\/biogeo.ubbcluj.ro\/sdbi\/?page_id=3132","name":"Conducere doctorat - Scoala Doctorala Biologie Integrativa","isPartOf":{"@id":"https:\/\/biogeo.ubbcluj.ro\/sdbi\/#website"},"datePublished":"2026-02-28T08:01:18+00:00","dateModified":"2026-02-28T08:18:45+00:00","breadcrumb":{"@id":"https:\/\/biogeo.ubbcluj.ro\/sdbi\/?page_id=3132#breadcrumb"},"inLanguage":"en-US","potentialAction":[{"@type":"ReadAction","target":["https:\/\/biogeo.ubbcluj.ro\/sdbi\/?page_id=3132"]}]},{"@type":"BreadcrumbList","@id":"https:\/\/biogeo.ubbcluj.ro\/sdbi\/?page_id=3132#breadcrumb","itemListElement":[{"@type":"ListItem","position":1,"name":"Home","item":"https:\/\/biogeo.ubbcluj.ro\/sdbi\/"},{"@type":"ListItem","position":2,"name":"Conducere doctorat"}]},{"@type":"WebSite","@id":"https:\/\/biogeo.ubbcluj.ro\/sdbi\/#website","url":"https:\/\/biogeo.ubbcluj.ro\/sdbi\/","name":"Scoala Doctorala Biologie Integrativa","description":"","publisher":{"@id":"https:\/\/biogeo.ubbcluj.ro\/sdbi\/#organization"},"potentialAction":[{"@type":"SearchAction","target":{"@type":"EntryPoint","urlTemplate":"https:\/\/biogeo.ubbcluj.ro\/sdbi\/?s={search_term_string}"},"query-input":{"@type":"PropertyValueSpecification","valueRequired":true,"valueName":"search_term_string"}}],"inLanguage":"en-US"},{"@type":"Organization","@id":"https:\/\/biogeo.ubbcluj.ro\/sdbi\/#organization","name":"Scoala Doctorala Biologie Integrativa","url":"https:\/\/biogeo.ubbcluj.ro\/sdbi\/","logo":{"@type":"ImageObject","inLanguage":"en-US","@id":"https:\/\/biogeo.ubbcluj.ro\/sdbi\/#\/schema\/logo\/image\/","url":"https:\/\/biogeo.ubbcluj.ro\/sdbi\/wp-content\/uploads\/2024\/10\/cropped-DSIB_Logo-04.png","contentUrl":"https:\/\/biogeo.ubbcluj.ro\/sdbi\/wp-content\/uploads\/2024\/10\/cropped-DSIB_Logo-04.png","width":2499,"height":665,"caption":"Scoala Doctorala Biologie Integrativa"},"image":{"@id":"https:\/\/biogeo.ubbcluj.ro\/sdbi\/#\/schema\/logo\/image\/"}}]}},"_links":{"self":[{"href":"https:\/\/biogeo.ubbcluj.ro\/sdbi\/index.php?rest_route=\/wp\/v2\/pages\/3132","targetHints":{"allow":["GET"]}}],"collection":[{"href":"https:\/\/biogeo.ubbcluj.ro\/sdbi\/index.php?rest_route=\/wp\/v2\/pages"}],"about":[{"href":"https:\/\/biogeo.ubbcluj.ro\/sdbi\/index.php?rest_route=\/wp\/v2\/types\/page"}],"author":[{"embeddable":true,"href":"https:\/\/biogeo.ubbcluj.ro\/sdbi\/index.php?rest_route=\/wp\/v2\/users\/3"}],"replies":[{"embeddable":true,"href":"https:\/\/biogeo.ubbcluj.ro\/sdbi\/index.php?rest_route=%2Fwp%2Fv2%2Fcomments&post=3132"}],"version-history":[{"count":5,"href":"https:\/\/biogeo.ubbcluj.ro\/sdbi\/index.php?rest_route=\/wp\/v2\/pages\/3132\/revisions"}],"predecessor-version":[{"id":3155,"href":"https:\/\/biogeo.ubbcluj.ro\/sdbi\/index.php?rest_route=\/wp\/v2\/pages\/3132\/revisions\/3155"}],"wp:attachment":[{"href":"https:\/\/biogeo.ubbcluj.ro\/sdbi\/index.php?rest_route=%2Fwp%2Fv2%2Fmedia&parent=3132"}],"curies":[{"name":"wp","href":"https:\/\/api.w.org\/{rel}","templated":true}]}}