{"id":138864,"date":"2025-12-03T10:21:13","date_gmt":"2025-12-03T10:21:13","guid":{"rendered":"https:\/\/biogeo.ubbcluj.ro\/pages\/taxonomie\/?page_id=138864"},"modified":"2025-12-14T08:40:26","modified_gmt":"2025-12-14T08:40:26","slug":"team","status":"publish","type":"page","link":"https:\/\/biogeo.ubbcluj.ro\/pages\/taxonomie\/?page_id=138864","title":{"rendered":"TEAM"},"content":{"rendered":"\t\t<div data-elementor-type=\"wp-page\" data-elementor-id=\"138864\" class=\"elementor elementor-138864\">\n\t\t\t\t<div class=\"elementor-element elementor-element-5fcaefd e-flex e-con-boxed e-con e-parent\" data-id=\"5fcaefd\" data-element_type=\"container\">\n\t\t\t\t\t<div class=\"e-con-inner\">\n\t\t<div class=\"elementor-element elementor-element-02682bd e-con-full e-flex e-con e-child\" data-id=\"02682bd\" data-element_type=\"container\">\n\t\t\t\t<div class=\"elementor-element elementor-element-6eb36b1 elementor-widget__width-initial elementor-widget elementor-widget-image\" data-id=\"6eb36b1\" data-element_type=\"widget\" data-widget_type=\"image.default\">\n\t\t\t\t<div class=\"elementor-widget-container\">\n\t\t\t\t\t\t\t\t\t\t\t\t\t\t\t<img fetchpriority=\"high\" decoding=\"async\" width=\"900\" height=\"720\" src=\"https:\/\/biogeo.ubbcluj.ro\/pages\/taxonomie\/wp-content\/uploads\/2025\/12\/Sanda-Bortig-1024x819.jpg\" class=\"attachment-large size-large wp-image-138917\" alt=\"\" srcset=\"https:\/\/biogeo.ubbcluj.ro\/pages\/taxonomie\/wp-content\/uploads\/2025\/12\/Sanda-Bortig-1024x819.jpg 1024w, https:\/\/biogeo.ubbcluj.ro\/pages\/taxonomie\/wp-content\/uploads\/2025\/12\/Sanda-Bortig-300x240.jpg 300w, https:\/\/biogeo.ubbcluj.ro\/pages\/taxonomie\/wp-content\/uploads\/2025\/12\/Sanda-Bortig-768x614.jpg 768w, https:\/\/biogeo.ubbcluj.ro\/pages\/taxonomie\/wp-content\/uploads\/2025\/12\/Sanda-Bortig-255x204.jpg 255w, https:\/\/biogeo.ubbcluj.ro\/pages\/taxonomie\/wp-content\/uploads\/2025\/12\/Sanda-Bortig.jpg 1200w\" sizes=\"(max-width: 900px) 100vw, 900px\" \/>\t\t\t\t\t\t\t\t\t\t\t\t\t\t\t<\/div>\n\t\t\t\t<\/div>\n\t\t\t\t<\/div>\n\t\t<div class=\"elementor-element elementor-element-e0aeb77 e-con-full e-flex e-con e-child\" data-id=\"e0aeb77\" data-element_type=\"container\">\n\t\t\t\t<div class=\"elementor-element elementor-element-d4e12cb elementor-widget elementor-widget-text-editor\" data-id=\"d4e12cb\" data-element_type=\"widget\" data-widget_type=\"text-editor.default\">\n\t\t\t\t<div class=\"elementor-widget-container\">\n\t\t\t\t\t\t\t\t\t<h4 class=\"MuiTypography-root MuiTypography-h6 MuiTypography-gutterBottom css-izz7ci\"><strong>Dr. Sanda Iepure<\/strong><\/h4><p class=\"MuiTypography-root MuiTypography-body2 css-cn9bc8\"><b>Sanda Iepure, PhD in Biology, Romanian Academy (Project coordinator)<\/b>. Associate Professor at the University Babes Bolyai and Senior Researcher at the Institute of Speleology Emil Racovita with broad research interest in subterranean biology, cave ecology, biodiversity, biogeography, and caves ecosystem function. Her researches also focus on systematics, and taxonomy of groundwater crustaceans (cyclopoids, ostracods); evolution and adaptations of cave crustaceans to extreme cave environments (ice caves, sulfidic caves) and groundwater ecotoxicology.<\/p>\t\t\t\t\t\t\t\t<\/div>\n\t\t\t\t<\/div>\n\t\t\t\t<\/div>\n\t\t\t\t\t<\/div>\n\t\t\t\t<\/div>\n\t\t<div class=\"elementor-element elementor-element-89a4049 e-flex e-con-boxed e-con e-parent\" data-id=\"89a4049\" data-element_type=\"container\">\n\t\t\t\t\t<div class=\"e-con-inner\">\n\t\t<div class=\"elementor-element elementor-element-dbdda12 e-con-full e-flex e-con e-child\" data-id=\"dbdda12\" data-element_type=\"container\">\n\t\t\t\t<div class=\"elementor-element elementor-element-6a6ec5e elementor-widget__width-initial elementor-widget elementor-widget-image\" data-id=\"6a6ec5e\" data-element_type=\"widget\" data-widget_type=\"image.default\">\n\t\t\t\t<div class=\"elementor-widget-container\">\n\t\t\t\t\t\t\t\t\t\t\t\t\t\t\t<img decoding=\"async\" width=\"512\" height=\"512\" src=\"https:\/\/biogeo.ubbcluj.ro\/pages\/taxonomie\/wp-content\/uploads\/2025\/12\/Oana-Teodora-Moldovan.jpg\" class=\"attachment-large size-large wp-image-138918\" alt=\"\" srcset=\"https:\/\/biogeo.ubbcluj.ro\/pages\/taxonomie\/wp-content\/uploads\/2025\/12\/Oana-Teodora-Moldovan.jpg 512w, https:\/\/biogeo.ubbcluj.ro\/pages\/taxonomie\/wp-content\/uploads\/2025\/12\/Oana-Teodora-Moldovan-300x300.jpg 300w, https:\/\/biogeo.ubbcluj.ro\/pages\/taxonomie\/wp-content\/uploads\/2025\/12\/Oana-Teodora-Moldovan-150x150.jpg 150w, https:\/\/biogeo.ubbcluj.ro\/pages\/taxonomie\/wp-content\/uploads\/2025\/12\/Oana-Teodora-Moldovan-50x50.jpg 50w, https:\/\/biogeo.ubbcluj.ro\/pages\/taxonomie\/wp-content\/uploads\/2025\/12\/Oana-Teodora-Moldovan-80x80.jpg 80w, https:\/\/biogeo.ubbcluj.ro\/pages\/taxonomie\/wp-content\/uploads\/2025\/12\/Oana-Teodora-Moldovan-263x263.jpg 263w, https:\/\/biogeo.ubbcluj.ro\/pages\/taxonomie\/wp-content\/uploads\/2025\/12\/Oana-Teodora-Moldovan-100x100.jpg 100w, https:\/\/biogeo.ubbcluj.ro\/pages\/taxonomie\/wp-content\/uploads\/2025\/12\/Oana-Teodora-Moldovan-255x255.jpg 255w\" sizes=\"(max-width: 512px) 100vw, 512px\" \/>\t\t\t\t\t\t\t\t\t\t\t\t\t\t\t<\/div>\n\t\t\t\t<\/div>\n\t\t\t\t<\/div>\n\t\t<div class=\"elementor-element elementor-element-394956d e-con-full e-flex e-con e-child\" data-id=\"394956d\" data-element_type=\"container\">\n\t\t\t\t<div class=\"elementor-element elementor-element-8540fdc elementor-widget__width-initial elementor-widget elementor-widget-text-editor\" data-id=\"8540fdc\" data-element_type=\"widget\" data-widget_type=\"text-editor.default\">\n\t\t\t\t<div class=\"elementor-widget-container\">\n\t\t\t\t\t\t\t\t\t<h4 class=\"MuiTypography-root MuiTypography-h6 MuiTypography-gutterBottom css-izz7ci\"><strong>Dr. Oana T. Moldovan<\/strong><\/h4><p class=\"MuiTypography-root MuiTypography-body2 css-cn9bc8\"><b>PhD in Biology, Universitee Paul Sabatier, Toulousse, France<\/b>. Senior Researcher at the Institute of Speleology Emil Racovita, Oana is biologist specialized in cave ecology and paleoecology, with experience in impact studies, groundwater ecology, the taxonomy of Coleoptera, paleoenvironment, protection and conservation of karst areas and caves.<\/p>\t\t\t\t\t\t\t\t<\/div>\n\t\t\t\t<\/div>\n\t\t\t\t<\/div>\n\t\t\t\t\t<\/div>\n\t\t\t\t<\/div>\n\t\t<div class=\"elementor-element elementor-element-753e358 e-flex e-con-boxed e-con e-parent\" data-id=\"753e358\" data-element_type=\"container\">\n\t\t\t\t\t<div class=\"e-con-inner\">\n\t\t<div class=\"elementor-element elementor-element-0b46aaa e-con-full e-flex e-con e-child\" data-id=\"0b46aaa\" data-element_type=\"container\">\n\t\t\t\t<div class=\"elementor-element elementor-element-060cca8 elementor-widget elementor-widget-image\" data-id=\"060cca8\" data-element_type=\"widget\" data-widget_type=\"image.default\">\n\t\t\t\t<div class=\"elementor-widget-container\">\n\t\t\t\t\t\t\t\t\t\t\t\t\t\t\t<img decoding=\"async\" width=\"524\" height=\"491\" src=\"https:\/\/biogeo.ubbcluj.ro\/pages\/taxonomie\/wp-content\/uploads\/2025\/12\/Ruxi.jpg\" class=\"attachment-large size-large wp-image-138921\" alt=\"\" srcset=\"https:\/\/biogeo.ubbcluj.ro\/pages\/taxonomie\/wp-content\/uploads\/2025\/12\/Ruxi.jpg 524w, https:\/\/biogeo.ubbcluj.ro\/pages\/taxonomie\/wp-content\/uploads\/2025\/12\/Ruxi-300x281.jpg 300w, https:\/\/biogeo.ubbcluj.ro\/pages\/taxonomie\/wp-content\/uploads\/2025\/12\/Ruxi-255x239.jpg 255w\" sizes=\"(max-width: 524px) 100vw, 524px\" \/>\t\t\t\t\t\t\t\t\t\t\t\t\t\t\t<\/div>\n\t\t\t\t<\/div>\n\t\t\t\t<\/div>\n\t\t<div class=\"elementor-element elementor-element-48a0de6 e-con-full e-flex e-con e-child\" data-id=\"48a0de6\" data-element_type=\"container\">\n\t\t\t\t<div class=\"elementor-element elementor-element-1ab439c elementor-widget__width-initial elementor-widget elementor-widget-text-editor\" data-id=\"1ab439c\" data-element_type=\"widget\" data-widget_type=\"text-editor.default\">\n\t\t\t\t<div class=\"elementor-widget-container\">\n\t\t\t\t\t\t\t\t\t<h4 class=\"MuiTypography-root MuiTypography-h6 MuiTypography-gutterBottom css-izz7ci\"><strong>Dr. Ruxandra Bucur<\/strong><\/h4><p class=\"MuiTypography-root MuiTypography-body2 css-cn9bc8\"><b>PhD in Biology, Romanian Academy<\/b>. Researcher at the Institute of Speleology Emil Racovita, Ruxandra is involved in research on cave fauna with interest in monitoring of terrestrial and aquatic fauna, as well as evolution, adaptation and speciation of coleoptera in subterranean environment. She uses molecular approaches to address issues on phylogeny and phylogeography of cave beetles for a better understanding of origin and evolution of subterranean biodiversity at different systematic levels, from populations to species.<\/p>\t\t\t\t\t\t\t\t<\/div>\n\t\t\t\t<\/div>\n\t\t\t\t<\/div>\n\t\t\t\t\t<\/div>\n\t\t\t\t<\/div>\n\t\t<div class=\"elementor-element elementor-element-db55159 e-flex e-con-boxed e-con e-parent\" data-id=\"db55159\" data-element_type=\"container\">\n\t\t\t\t\t<div class=\"e-con-inner\">\n\t\t<div class=\"elementor-element elementor-element-c9089fc e-con-full e-flex e-con e-child\" data-id=\"c9089fc\" data-element_type=\"container\">\n\t\t\t\t<div class=\"elementor-element elementor-element-2583c7e elementor-widget__width-initial elementor-widget elementor-widget-image\" data-id=\"2583c7e\" data-element_type=\"widget\" data-widget_type=\"image.default\">\n\t\t\t\t<div class=\"elementor-widget-container\">\n\t\t\t\t\t\t\t\t\t\t\t\t\t\t\t<img loading=\"lazy\" decoding=\"async\" width=\"475\" height=\"470\" src=\"https:\/\/biogeo.ubbcluj.ro\/pages\/taxonomie\/wp-content\/uploads\/2025\/12\/Sitar.jpg\" class=\"attachment-large size-large wp-image-138919\" alt=\"\" srcset=\"https:\/\/biogeo.ubbcluj.ro\/pages\/taxonomie\/wp-content\/uploads\/2025\/12\/Sitar.jpg 475w, https:\/\/biogeo.ubbcluj.ro\/pages\/taxonomie\/wp-content\/uploads\/2025\/12\/Sitar-300x297.jpg 300w, https:\/\/biogeo.ubbcluj.ro\/pages\/taxonomie\/wp-content\/uploads\/2025\/12\/Sitar-50x50.jpg 50w, https:\/\/biogeo.ubbcluj.ro\/pages\/taxonomie\/wp-content\/uploads\/2025\/12\/Sitar-80x80.jpg 80w, https:\/\/biogeo.ubbcluj.ro\/pages\/taxonomie\/wp-content\/uploads\/2025\/12\/Sitar-100x100.jpg 100w, https:\/\/biogeo.ubbcluj.ro\/pages\/taxonomie\/wp-content\/uploads\/2025\/12\/Sitar-255x252.jpg 255w\" sizes=\"(max-width: 475px) 100vw, 475px\" \/>\t\t\t\t\t\t\t\t\t\t\t\t\t\t\t<\/div>\n\t\t\t\t<\/div>\n\t\t\t\t<\/div>\n\t\t<div class=\"elementor-element elementor-element-1b55701 e-con-full e-flex e-con e-child\" data-id=\"1b55701\" data-element_type=\"container\">\n\t\t\t\t<div class=\"elementor-element elementor-element-079d295 elementor-widget elementor-widget-text-editor\" data-id=\"079d295\" data-element_type=\"widget\" data-widget_type=\"text-editor.default\">\n\t\t\t\t<div class=\"elementor-widget-container\">\n\t\t\t\t\t\t\t\t\t<h4 class=\"MuiTypography-root MuiTypography-h6 MuiTypography-gutterBottom css-izz7ci\"><strong>Dr. Cristian Sitar<\/strong><\/h4><p class=\"MuiTypography-root MuiTypography-body2 css-cn9bc8\"><b>PhD in Biology<\/b>, . Senior Curator at the Babes Bolyai University Zoological Museum, Cristian is an entomologist and ecologist with background in inventory and monitoring of Natura 2000 insect species. His current interest is in cave fauna monitoring and taxonomy and biology of cave beetles (ex.\u00a0<i>Duvalius, Pholeuon, Protopholeuon<\/i>).<\/p>\t\t\t\t\t\t\t\t<\/div>\n\t\t\t\t<\/div>\n\t\t\t\t<\/div>\n\t\t\t\t\t<\/div>\n\t\t\t\t<\/div>\n\t\t<div class=\"elementor-element elementor-element-e342374 e-flex e-con-boxed e-con e-parent\" data-id=\"e342374\" data-element_type=\"container\">\n\t\t\t\t\t<div class=\"e-con-inner\">\n\t\t<div class=\"elementor-element elementor-element-b5848b6 e-con-full e-flex e-con e-child\" data-id=\"b5848b6\" data-element_type=\"container\">\n\t\t\t\t<div class=\"elementor-element elementor-element-78148c8 elementor-widget__width-initial elementor-widget elementor-widget-image\" data-id=\"78148c8\" data-element_type=\"widget\" data-widget_type=\"image.default\">\n\t\t\t\t<div class=\"elementor-widget-container\">\n\t\t\t\t\t\t\t\t\t\t\t\t\t\t\t<img loading=\"lazy\" decoding=\"async\" width=\"487\" height=\"427\" src=\"https:\/\/biogeo.ubbcluj.ro\/pages\/taxonomie\/wp-content\/uploads\/2025\/12\/Catalina.jpg\" class=\"attachment-large size-large wp-image-138920\" alt=\"\" srcset=\"https:\/\/biogeo.ubbcluj.ro\/pages\/taxonomie\/wp-content\/uploads\/2025\/12\/Catalina.jpg 487w, https:\/\/biogeo.ubbcluj.ro\/pages\/taxonomie\/wp-content\/uploads\/2025\/12\/Catalina-300x263.jpg 300w, https:\/\/biogeo.ubbcluj.ro\/pages\/taxonomie\/wp-content\/uploads\/2025\/12\/Catalina-255x224.jpg 255w\" sizes=\"(max-width: 487px) 100vw, 487px\" \/>\t\t\t\t\t\t\t\t\t\t\t\t\t\t\t<\/div>\n\t\t\t\t<\/div>\n\t\t\t\t<\/div>\n\t\t<div class=\"elementor-element elementor-element-89ec6db e-con-full e-flex e-con e-child\" data-id=\"89ec6db\" data-element_type=\"container\">\n\t\t\t\t<div class=\"elementor-element elementor-element-202676b elementor-widget__width-initial elementor-widget elementor-widget-text-editor\" data-id=\"202676b\" data-element_type=\"widget\" data-widget_type=\"text-editor.default\">\n\t\t\t\t<div class=\"elementor-widget-container\">\n\t\t\t\t\t\t\t\t\t<h4 class=\"MuiTypography-root MuiTypography-h6 MuiTypography-gutterBottom css-izz7ci\"><strong>Dr. C\u0103t\u0103lina Haid\u0103u<\/strong><\/h4><p class=\"MuiTypography-root MuiTypography-body2 css-cn9bc8\"><b>Researcher at the Institute of Speleology Emil Racovita<\/b>. Her studies focus on cave bacteria. With experience in microbiology (aerobe microorganisms\u2019 isolation &amp; cultures; phylogeny), molecular techniques, as well as in bioinformatics, her role in the project will be to perform the molecular and eDNA analysis.<\/p>\t\t\t\t\t\t\t\t<\/div>\n\t\t\t\t<\/div>\n\t\t\t\t<\/div>\n\t\t\t\t\t<\/div>\n\t\t\t\t<\/div>\n\t\t<div class=\"elementor-element elementor-element-f51aeb9 e-flex e-con-boxed e-con e-parent\" data-id=\"f51aeb9\" data-element_type=\"container\">\n\t\t\t\t\t<div class=\"e-con-inner\">\n\t\t<div class=\"elementor-element elementor-element-1d9a9e4 e-con-full e-flex e-con e-child\" data-id=\"1d9a9e4\" data-element_type=\"container\">\n\t\t\t\t<div class=\"elementor-element elementor-element-7b81407 elementor-widget__width-initial elementor-widget elementor-widget-image\" data-id=\"7b81407\" data-element_type=\"widget\" data-widget_type=\"image.default\">\n\t\t\t\t<div class=\"elementor-widget-container\">\n\t\t\t\t\t\t\t\t\t\t\t\t\t\t\t<img loading=\"lazy\" decoding=\"async\" width=\"768\" height=\"842\" src=\"https:\/\/biogeo.ubbcluj.ro\/pages\/taxonomie\/wp-content\/uploads\/2025\/04\/Orest-Sambor.jpeg\" class=\"attachment-large size-large wp-image-138239\" alt=\"\" srcset=\"https:\/\/biogeo.ubbcluj.ro\/pages\/taxonomie\/wp-content\/uploads\/2025\/04\/Orest-Sambor.jpeg 768w, https:\/\/biogeo.ubbcluj.ro\/pages\/taxonomie\/wp-content\/uploads\/2025\/04\/Orest-Sambor-274x300.jpeg 274w, https:\/\/biogeo.ubbcluj.ro\/pages\/taxonomie\/wp-content\/uploads\/2025\/04\/Orest-Sambor-255x280.jpeg 255w\" sizes=\"(max-width: 768px) 100vw, 768px\" \/>\t\t\t\t\t\t\t\t\t\t\t\t\t\t\t<\/div>\n\t\t\t\t<\/div>\n\t\t\t\t<\/div>\n\t\t<div class=\"elementor-element elementor-element-58c53d6 e-con-full e-flex e-con e-child\" data-id=\"58c53d6\" data-element_type=\"container\">\n\t\t\t\t<div class=\"elementor-element elementor-element-532bd3b elementor-widget elementor-widget-text-editor\" data-id=\"532bd3b\" data-element_type=\"widget\" data-widget_type=\"text-editor.default\">\n\t\t\t\t<div class=\"elementor-widget-container\">\n\t\t\t\t\t\t\t\t\t<h4 class=\"MuiTypography-root MuiTypography-h6 MuiTypography-gutterBottom css-izz7ci\"><strong>MSc. Orest Sambor<\/strong><\/h4><p class=\"MuiTypography-root MuiTypography-body2 css-cn9bc8\"><b>MSc, Bachelor in Biology<\/b>, University Babes Bolyai Cluj Napoca, Romania. Orest holds a Bachelor&#8217;s degree in Biology and a Master&#8217;s degree in Systemic Ecology and Conservation from the Faculty of Biology and Geology, Babe\u015f-Bolyai University, with his graduation theses focused on aquatic invertebrates. With expertise in ecology, hydrobiology, biospeleology, and as an ecologist, his current research involves field monitoring of cave environments and biodiversity.<\/p>\t\t\t\t\t\t\t\t<\/div>\n\t\t\t\t<\/div>\n\t\t\t\t<\/div>\n\t\t\t\t\t<\/div>\n\t\t\t\t<\/div>\n\t\t<div class=\"elementor-element elementor-element-37e073c e-flex e-con-boxed e-con e-parent\" data-id=\"37e073c\" data-element_type=\"container\">\n\t\t\t\t\t<div class=\"e-con-inner\">\n\t\t<div class=\"elementor-element elementor-element-56f4919 e-con-full e-flex e-con e-child\" data-id=\"56f4919\" data-element_type=\"container\">\n\t\t\t\t<div class=\"elementor-element elementor-element-f925f7d elementor-widget__width-initial elementor-widget elementor-widget-image\" data-id=\"f925f7d\" data-element_type=\"widget\" data-widget_type=\"image.default\">\n\t\t\t\t<div class=\"elementor-widget-container\">\n\t\t\t\t\t\t\t\t\t\t\t\t\t\t\t<img loading=\"lazy\" decoding=\"async\" width=\"843\" height=\"1024\" src=\"https:\/\/biogeo.ubbcluj.ro\/pages\/taxonomie\/wp-content\/uploads\/2025\/12\/Dragos-Coada-2-843x1024.jpg\" class=\"attachment-large size-large wp-image-138926\" alt=\"\" srcset=\"https:\/\/biogeo.ubbcluj.ro\/pages\/taxonomie\/wp-content\/uploads\/2025\/12\/Dragos-Coada-2-843x1024.jpg 843w, https:\/\/biogeo.ubbcluj.ro\/pages\/taxonomie\/wp-content\/uploads\/2025\/12\/Dragos-Coada-2-247x300.jpg 247w, https:\/\/biogeo.ubbcluj.ro\/pages\/taxonomie\/wp-content\/uploads\/2025\/12\/Dragos-Coada-2-768x933.jpg 768w, https:\/\/biogeo.ubbcluj.ro\/pages\/taxonomie\/wp-content\/uploads\/2025\/12\/Dragos-Coada-2-1265x1536.jpg 1265w, https:\/\/biogeo.ubbcluj.ro\/pages\/taxonomie\/wp-content\/uploads\/2025\/12\/Dragos-Coada-2-1687x2048.jpg 1687w, https:\/\/biogeo.ubbcluj.ro\/pages\/taxonomie\/wp-content\/uploads\/2025\/12\/Dragos-Coada-2-277x337.jpg 277w, https:\/\/biogeo.ubbcluj.ro\/pages\/taxonomie\/wp-content\/uploads\/2025\/12\/Dragos-Coada-2-554x674.jpg 554w, https:\/\/biogeo.ubbcluj.ro\/pages\/taxonomie\/wp-content\/uploads\/2025\/12\/Dragos-Coada-2-255x310.jpg 255w, https:\/\/biogeo.ubbcluj.ro\/pages\/taxonomie\/wp-content\/uploads\/2025\/12\/Dragos-Coada-2.jpg 1979w\" sizes=\"(max-width: 843px) 100vw, 843px\" \/>\t\t\t\t\t\t\t\t\t\t\t\t\t\t\t<\/div>\n\t\t\t\t<\/div>\n\t\t\t\t<\/div>\n\t\t\t\t<div class=\"elementor-element elementor-element-49b43f6 elementor-widget elementor-widget-text-editor\" data-id=\"49b43f6\" data-element_type=\"widget\" data-widget_type=\"text-editor.default\">\n\t\t\t\t<div class=\"elementor-widget-container\">\n\t\t\t\t\t\t\t\t\t<h4 class=\"MuiTypography-root MuiTypography-h6 MuiTypography-gutterBottom css-izz7ci\"><strong>Undergraduate student, Dragos Coada<\/strong><\/h4>\n<p class=\"MuiTypography-root MuiTypography-body2 css-cn9bc8\"><b>Faculty of Biology and Geology, University Babes Bolyai Cluj Napoca, Romania<\/b>. Dragos is working on cave aquatic fauna monitoring and harpacticoids crustaceans taxonomy and ecology.<\/p>\t\t\t\t\t\t\t\t<\/div>\n\t\t\t\t<\/div>\n\t\t\t\t\t<\/div>\n\t\t\t\t<\/div>\n\t\t\t\t<\/div>\n\t\t","protected":false},"excerpt":{"rendered":"<p>Dr. Sanda Iepure Sanda Iepure, PhD in Biology, Romanian Academy (Project coordinator). Associate Professor at the University Babes Bolyai and Senior Researcher at the Institute of Speleology Emil Racovita with broad research interest in subterranean biology, cave ecology, biodiversity, biogeography, and caves ecosystem function. Her researches also focus on systematics, and taxonomy of groundwater crustaceans [&hellip;]<\/p>\n","protected":false},"author":1,"featured_media":0,"parent":0,"menu_order":0,"comment_status":"closed","ping_status":"closed","template":"","meta":{"footnotes":""},"class_list":["post-138864","page","type-page","status-publish","hentry"],"_links":{"self":[{"href":"https:\/\/biogeo.ubbcluj.ro\/pages\/taxonomie\/index.php?rest_route=\/wp\/v2\/pages\/138864","targetHints":{"allow":["GET"]}}],"collection":[{"href":"https:\/\/biogeo.ubbcluj.ro\/pages\/taxonomie\/index.php?rest_route=\/wp\/v2\/pages"}],"about":[{"href":"https:\/\/biogeo.ubbcluj.ro\/pages\/taxonomie\/index.php?rest_route=\/wp\/v2\/types\/page"}],"author":[{"embeddable":true,"href":"https:\/\/biogeo.ubbcluj.ro\/pages\/taxonomie\/index.php?rest_route=\/wp\/v2\/users\/1"}],"replies":[{"embeddable":true,"href":"https:\/\/biogeo.ubbcluj.ro\/pages\/taxonomie\/index.php?rest_route=%2Fwp%2Fv2%2Fcomments&post=138864"}],"version-history":[{"count":22,"href":"https:\/\/biogeo.ubbcluj.ro\/pages\/taxonomie\/index.php?rest_route=\/wp\/v2\/pages\/138864\/revisions"}],"predecessor-version":[{"id":139159,"href":"https:\/\/biogeo.ubbcluj.ro\/pages\/taxonomie\/index.php?rest_route=\/wp\/v2\/pages\/138864\/revisions\/139159"}],"wp:attachment":[{"href":"https:\/\/biogeo.ubbcluj.ro\/pages\/taxonomie\/index.php?rest_route=%2Fwp%2Fv2%2Fmedia&parent=138864"}],"curies":[{"name":"wp","href":"https:\/\/api.w.org\/{rel}","templated":true}]}}