{"id":138039,"date":"2025-03-04T16:41:48","date_gmt":"2025-03-04T16:41:48","guid":{"rendered":"https:\/\/biogeo.ubbcluj.ro\/pages\/taxonomie\/?page_id=138039"},"modified":"2026-01-29T11:25:20","modified_gmt":"2026-01-29T11:25:20","slug":"projects","status":"publish","type":"page","link":"https:\/\/biogeo.ubbcluj.ro\/pages\/taxonomie\/?page_id=138039&lang=en","title":{"rendered":"Projects"},"content":{"rendered":"\t\t<div data-elementor-type=\"wp-page\" data-elementor-id=\"138039\" class=\"elementor elementor-138039\">\n\t\t\t\t<div class=\"elementor-element elementor-element-52ff8cf2 e-flex e-con-boxed e-con e-parent\" data-id=\"52ff8cf2\" data-element_type=\"container\">\n\t\t\t\t\t<div class=\"e-con-inner\">\n\t\t\t\t<div class=\"elementor-element elementor-element-aff49a1 elementor-widget elementor-widget-text-editor\" data-id=\"aff49a1\" data-element_type=\"widget\" data-widget_type=\"text-editor.default\">\n\t\t\t\t<div class=\"elementor-widget-container\">\n\t\t\t\t\t\t\t\t\t<p>2025 &#8211; 2028 <a href=\"https:\/\/enviro.ubbcluj.ro\/danubius-ro-2\/\"><strong>DANUBIUS-RO<\/strong><\/a> Suport pentru dezvoltarea \u0219i consolidarea DANUBIUS-RO, PNCDI-IV Program 5.9 Cercetare in domenii de interes strategic &#8211; Subprogram P5.9.4- Sisteme fluvii, delte, mari &#8211; Danubius. Buget: 8.381.249 RON. Coordonator: Nicolae Ajtai. <strong>Colaboratori: Dr. Sanda Iepure.\u00a0<\/strong><\/p><p><strong>2024 \u2013 2027<\/strong> <a href=\"https:\/\/biogeo.ubbcluj.ro\/pages\/taxonomie\/?page_id=138862\"><strong>Sub-BioMon<\/strong><\/a>, Developing and testing approaches to monitor subterranean biodiversity in karst. PN IV ERANET COFUND-BIODIVMON, Biodiversa+ 2022-528. Coordonator: University of Ljubljana, Slovenia. Parteneri: Romanian Academy Cluj Branch (Institutul de Speologie Emil Racovita, ISER, Cluj Napoca), Universit\u00e9 Libre de Bruxelles, Universit\u00e0 degli Studi dell&#8217;Aquila, E\u00f6tv\u00f6s Lor\u00e1nd University, Mus\u00e9e national d&#8217;histoire naturelle Luxembourg. Buget ISER: 122.000 EU. Director partener Romania, <strong>Dr. Sanda Iepure<\/strong>.\u00a0<\/p><p><!-- \/wp:paragraph --><!-- wp:paragraph --><\/p><p><strong>2021 \u2013 2023<\/strong> <strong>EVO-DEVO-CAVE<\/strong>, Convergent evolution, development and adaptations of crustaceans from chemosynthesis-based cave ecosystems. PN-III-P4-ID-PCE-2020-2843, UEFISCU, Romania. Buget: 244.000 \u20ac. Director proiect:<strong> Dr. Sanda Iepure.<\/strong><\/p><p><!-- \/wp:paragraph --><!-- wp:paragraph --><\/p><p><strong>2023-2024<\/strong>\u00a0<strong>MUGO,<\/strong> \u00cen\u021belegerea cauzelor \u0219i consecin\u021belor dinamicii jneap\u0103nului \u00een Carpa\u021bi. Proiect AUF (Agence universitaire de la Francophonie), No. AUF (34073\/16.08.2023). Budget: 10,000 EURO. Director proiect: Pavel Dan Turtureanu. Colaboratori: <strong>Prof. <\/strong><strong>Dr.<\/strong> <strong>Mihai <\/strong><strong>Pu\u0219ca\u0219<\/strong>,;<\/p><p><!-- \/wp:paragraph --><!-- wp:paragraph --><\/p><p><strong>2019-2023 <\/strong>Monitorizarea \u0219i evaluarea riscurilor asociate surselor de ap\u0103 subterane \u00een comunit\u0103\u021bile rurale din Rom\u00e2nia. Proiect interna\u021bional SEE EEA-RO-NO-2018-0138, nr. contract 4\/2019. Buget total: 1.499.913 EU, Buget partener P2-UBB: 400 000 EU. Director de proiect: Dr. Oana T. Moldovan (Academia Rom\u00e2n\u0103, Filiala Cluj); responsabil de partener P2-UBB: Prof. Dr. Habil. Banciu Horia; Colaboratori: <strong>Dr.<\/strong><strong> Cristea <\/strong><strong>Adorj\u00e1n<\/strong>.<\/p><p><!-- \/wp:paragraph --><!-- wp:paragraph --><\/p><p><strong>2021-2023<\/strong> <strong>UnCycle<\/strong> Ecogenomica microorganismelor necultivate pentru elucidarea rolului lor \u00een circuitul biogeochimic al nutrien\u021bilor din lacuri hipers\u0103rate stratificate. PN-III-P4-ID-PCE-2020-1559, nr. contract PCE 64\/ 2021. Buget total: 1198032 RON \/ 240.000 Euro. Director proiect: Prof. Dr.\u00a0Habil.\u00a0Horia Banciu; Colaboratori: <strong>Dr.<\/strong><strong> Cristea <\/strong><strong>Adorj\u00e1n<\/strong>.<\/p><p><!-- \/wp:paragraph --><!-- wp:paragraph --><\/p><p><strong>2020-2022<\/strong> Testarea metodelor genetice pentru \u00eembun\u0103t\u0103\u021birea practicii na\u021bionale de evaluare a calit\u0103\u021bii apelor curg\u0103toare: un experiment demonstrativ asupra nevertebratelor acvatice din sistemul Somesului Cald. PN-III-P2-2.1-PED-2019-0214. Buget: 600.000 RON. Director proiect: Dr. Lujza Keresztes; Colaboratori: <strong>\u0218ef<\/strong> <strong>lucr<\/strong><strong>. <\/strong><strong>dr.<\/strong><strong> Karina <\/strong><strong>Battes<\/strong><strong>, <\/strong><strong>\u0218ef<\/strong> <strong>lucr<\/strong><strong>. Mirela <\/strong><strong>C\u00eempean<\/strong>, Conf. dr. Zolt\u00e1n L\u00e1szl\u00f3, Dr. Gavril Marius Berchi, Dr. Avar-Lehel D\u00e9nes, Drd. Emerencia Szab\u00f3, Drd. D\u00e9nes Anna<\/p><p><!-- \/wp:paragraph --><!-- wp:paragraph --><\/p><p><strong>2019 \u2013 2021 <\/strong>Conserving the endemic flora of the Carpathian region, Royal Botanic Gardens, Kew, UK \u2013 Coordinator. Partners: Plant Science and Biodiversity Center, Slovak Academy of Sciences, (PSBCSAS), Bratislava, Slovakia, Institute of Biological Research Cluj-Napoca (ICB), National Institute for Research and Development in Biological Sciences, Romania; Szafer Institute of Botany, Polish Academy of Sciences (IoB PAS), Krak\u00f3w Poland; Herbarium and Department of Botany, Charles University, Prague (DBCU), Czech Republic; Laboratoire d\u2019Ecologie Alpine, Universite Grenoble Alps, France. Buget: 109.895,00 EURO. Colaboratori: <strong>Dr.<\/strong><strong> Mihai Puscas,<\/strong>\u00a0<strong>Dr.<\/strong><strong> Irina <\/strong><strong>Goia.<\/strong><\/p><p><!-- \/wp:paragraph --><!-- wp:paragraph --><\/p><p><strong>2018 <\/strong><strong>&#8211;<\/strong><strong> 2021 <\/strong>Elaborarea planurilor de management ale siturilor Natura 2000 ROSCI0028 Cheile Cernei, ROSCI0054 Dealul Cet\u0103\u021bii Deva, ROSCI0136 P\u0103durea Bejan \u0219i ROSCI0254 Tufurile calcaroase din Valea Bob\u00e2lna si a ariilor protejate de interes na\u021bional care se suprapun cu acestea (2.512 P\u0103durea Bejan, 2.518 Dealul Cet\u0103\u021bii Deva, 2.504 Dealul Col\u021b-Dealul Z\u0103noaga, 2.520 Tufurile calcaroase din Valea Bob\u00e2lna \u0219i 2.530 Cheile Cernei). Beneficiar Universitatea Babe\u0219-Bolyai, Facultatea de Geografie. <strong>Dr.<\/strong><strong> Alin David<\/strong>.<\/p><p><!-- \/wp:paragraph --><!-- wp:paragraph --><\/p><p><strong>2018-2022<\/strong> <strong>TeMATIC<\/strong><strong>-Art<\/strong> Parteneriat pentru transferul de tehnologii inovative \u0219i materiale avansate \u00een domeniul artelor vizuale (produc\u021bie, conservare, restaurare). POC, ID P_40_374, nr. contract 14\/01.09.2016. Buget total: 13.391.855 RON. director proiect Mih\u0103il\u0103 Adrian-Alin, Colaboratori: <strong>Dr.<\/strong><strong> Habil. <\/strong><strong>P\u00e2rvu<\/strong><strong> Marcel<\/strong>.<\/p><p><strong>2018-2020 MEMOIRE <\/strong>Monitorizarea la scar\u0103 fin\u0103 a efectelor schimb\u0103rilor climatice asupra ecosistemelor de paji\u0219ti de altitudine din Carpa\u021bii Rom\u00e2ne\u0219ti (MEMOIRE). PN-III-P1-1.1-PD2016-0925. Buget: 249.996 RON. Director proiect Dr. Turtureanu Pavel Dan. Colaboratori: Dr. <strong>Pu\u0219ca\u0219<\/strong><strong> Mihai<\/strong>.<\/p><p><!-- \/wp:paragraph --><!-- wp:paragraph --><\/p><p><!-- \/wp:paragraph --><\/p>\t\t\t\t\t\t\t\t<\/div>\n\t\t\t\t<\/div>\n\t\t\t\t\t<\/div>\n\t\t\t\t<\/div>\n\t\t\t\t<\/div>\n\t\t","protected":false},"excerpt":{"rendered":"<p>2025 &#8211; 2028 DANUBIUS-RO Suport pentru dezvoltarea \u0219i consolidarea DANUBIUS-RO, PNCDI-IV Program 5.9 Cercetare in domenii de interes strategic &#8211; Subprogram P5.9.4- Sisteme fluvii, delte, mari &#8211; Danubius. Buget: 8.381.249 RON. Coordonator: Nicolae Ajtai. Colaboratori: Dr. Sanda Iepure.\u00a0 2024 \u2013 2027 Sub-BioMon, Developing and testing approaches to monitor subterranean biodiversity in karst. PN IV ERANET [&hellip;]<\/p>\n","protected":false},"author":2,"featured_media":0,"parent":0,"menu_order":0,"comment_status":"closed","ping_status":"closed","template":"","meta":{"footnotes":""},"class_list":["post-138039","page","type-page","status-publish","hentry"],"_links":{"self":[{"href":"https:\/\/biogeo.ubbcluj.ro\/pages\/taxonomie\/index.php?rest_route=\/wp\/v2\/pages\/138039","targetHints":{"allow":["GET"]}}],"collection":[{"href":"https:\/\/biogeo.ubbcluj.ro\/pages\/taxonomie\/index.php?rest_route=\/wp\/v2\/pages"}],"about":[{"href":"https:\/\/biogeo.ubbcluj.ro\/pages\/taxonomie\/index.php?rest_route=\/wp\/v2\/types\/page"}],"author":[{"embeddable":true,"href":"https:\/\/biogeo.ubbcluj.ro\/pages\/taxonomie\/index.php?rest_route=\/wp\/v2\/users\/2"}],"replies":[{"embeddable":true,"href":"https:\/\/biogeo.ubbcluj.ro\/pages\/taxonomie\/index.php?rest_route=%2Fwp%2Fv2%2Fcomments&post=138039"}],"version-history":[{"count":7,"href":"https:\/\/biogeo.ubbcluj.ro\/pages\/taxonomie\/index.php?rest_route=\/wp\/v2\/pages\/138039\/revisions"}],"predecessor-version":[{"id":139273,"href":"https:\/\/biogeo.ubbcluj.ro\/pages\/taxonomie\/index.php?rest_route=\/wp\/v2\/pages\/138039\/revisions\/139273"}],"wp:attachment":[{"href":"https:\/\/biogeo.ubbcluj.ro\/pages\/taxonomie\/index.php?rest_route=%2Fwp%2Fv2%2Fmedia&parent=138039"}],"curies":[{"name":"wp","href":"https:\/\/api.w.org\/{rel}","templated":true}]}}