{"id":137696,"date":"2024-09-19T08:06:12","date_gmt":"2024-09-19T08:06:12","guid":{"rendered":"https:\/\/biogeo.ubbcluj.ro\/pages\/taxonomie\/?page_id=137696"},"modified":"2025-09-29T13:17:31","modified_gmt":"2025-09-29T13:17:31","slug":"proiecte-2","status":"publish","type":"page","link":"https:\/\/biogeo.ubbcluj.ro\/pages\/taxonomie\/?page_id=137696","title":{"rendered":"Proiecte"},"content":{"rendered":"\t\t<div data-elementor-type=\"wp-page\" data-elementor-id=\"137696\" class=\"elementor elementor-137696\">\n\t\t\t\t<div class=\"elementor-element elementor-element-52ff8cf2 e-flex e-con-boxed e-con e-parent\" data-id=\"52ff8cf2\" data-element_type=\"container\">\n\t\t\t\t\t<div class=\"e-con-inner\">\n\t\t\t\t<div class=\"elementor-element elementor-element-aff49a1 elementor-widget elementor-widget-text-editor\" data-id=\"aff49a1\" data-element_type=\"widget\" data-widget_type=\"text-editor.default\">\n\t\t\t\t<div class=\"elementor-widget-container\">\n\t\t\t\t\t\t\t\t\t<p>2025-2026 <a href=\"https:\/\/dan-turtureanu.ro\/greenmount\"><strong>GreenMount<\/strong><\/a>, Greening of the high mountains: long-term vegetation change in response to climate warming and land-use transformations. PN-IV-P2-2.1-TE-2023-0726. Contract no. 65TE \u2044 08.01.2025. Project funded by: UEFISCDI \u2013 Executive Agency for Higher Education, Research, Development and Innovation Funding, Romania. Director proiect: Dr. Pavel-Dan Turtureanu, Colaboratori: <strong>Prof. Dr. Mihai Pu\u0219ca\u0219.<\/strong><\/p>\n<p><strong>2024 \u2013 2027<\/strong>\u00a0<strong><a href=\"https:\/\/sub-biomon-ro.github.io\/sub-biomon-ro-project\/\" target=\"_blank\" rel=\"noopener\">Sub-BioMon<\/a><\/strong>, Developing and testing approaches to monitor subterranean biodiversity in karst. PN IV ERANET COFUND-BIODIVMON, Biodiversa+ 2022-528. Coordonator: University of Ljubljana, Slovenia. Parteneri: Romanian Academy Cluj Branch (Institutul de Speologie Emil Racovita, ISER, Cluj Napoca), Universit\u00e9 Libre de Bruxelles, Universit\u00e0 degli Studi dell&#8217;Aquila, E\u00f6tv\u00f6s Lor\u00e1nd University, Mus\u00e9e national d&#8217;histoire naturelle Luxembourg. Buget ISER: 122.000 EU. Director partener Romania, <strong>Dr. Sanda Iepure<\/strong>.\u00a0<\/p>\n<p><!-- \/wp:paragraph --><!-- wp:paragraph --><\/p>\n<p><strong>2021 \u2013 2023<\/strong> EVO-DEVO-CAVE, Convergent evolution, development and adaptations of crustaceans from chemosynthesis-based cave ecosystems. PN-III-P4-ID-PCE-2020-2843, UEFISCU, Romania. Buget: 244.000 \u20ac. Director proiect:<strong> Dr. Sanda Iepure.<\/strong><\/p>\n<p><!-- \/wp:paragraph --><!-- wp:paragraph --><\/p>\n<p><strong>2023-2024<\/strong>\u00a0MUGO, \u00cen\u021belegerea cauzelor \u0219i consecin\u021belor dinamicii jneap\u0103nului \u00een Carpa\u021bi. Proiect AUF (Agence universitaire de la Francophonie), No. AUF (34073\/16.08.2023). <strong>Budget: 10,000 EURO<\/strong>. Director proiect: Pavel Dan Turtureanu. Colaboratori: <strong>Prof. <\/strong><strong>Dr.<\/strong> <strong>Mihai <\/strong><strong>Pu\u0219ca\u0219.<\/strong><\/p>\n<p><!-- \/wp:paragraph --><!-- wp:paragraph --><\/p>\n<p><strong>2019-2023 <\/strong>Monitorizarea \u0219i evaluarea riscurilor asociate surselor de ap\u0103 subterane \u00een comunit\u0103\u021bile rurale din Rom\u00e2nia. Proiect interna\u021bional SEE EEA-RO-NO-2018-0138, nr. contract 4\/2019. <strong>Buget<\/strong><strong> total: 1.499.913 EU<\/strong>, <strong>Buget<\/strong> <strong>partener<\/strong><strong> P2-UBB: 400 000 EU<\/strong>. Director de proiect: Dr. CS I Moldovan Oana (Academia Rom\u00e2n\u0103, filiala Cluj); responsabil de partener P2-UBB: Prof. Dr. Habil. Banciu Horia; Colaboratori: <strong>Dr.<\/strong><strong> Cristea <\/strong><strong>Adorj\u00e1n<\/strong>.<\/p>\n<p><!-- \/wp:paragraph --><!-- wp:paragraph --><\/p>\n<p><strong>2021-2023<\/strong> <strong>UnCycle<\/strong> Ecogenomica microorganismelor necultivate pentru elucidarea rolului lor \u00een circuitul biogeochimic al nutrien\u021bilor din lacuri hipers\u0103rate stratificate. PN-III-P4-ID-PCE-2020-1559, nr. contract PCE 64\/ 2021. <strong>Buget<\/strong><strong> total: 1198032 RON \/ 240.000 Euro.<\/strong> Director proiect: Prof. Dr.\u00a0Habil.\u00a0Horia Banciu; Colaboratori: <strong>Dr.<\/strong><strong> Cristea <\/strong><strong>Adorj\u00e1n<\/strong>.<\/p>\n<p><!-- \/wp:paragraph --><!-- wp:paragraph --><\/p>\n<p><strong>2020-2022<\/strong> Testarea metodelor genetice pentru \u00eembun\u0103t\u0103\u021birea practicii na\u021bionale de evaluare a calit\u0103\u021bii apelor curg\u0103toare: un experiment demonstrativ asupra nevertebratelor acvatice din sistemul Somesului Cald. PN-III-P2-2.1-PED-2019-0214. <strong>Buget<\/strong><strong>: 600.000 RON<\/strong>. Director proiect: Dr. Lujza Keresztes; Colaboratori: <strong>\u0218ef<\/strong> <strong>lucr<\/strong><strong>. <\/strong><strong>dr.<\/strong><strong> Karina <\/strong><strong>Battes<\/strong><strong>, <\/strong><strong>\u0218ef<\/strong> <strong>lucr<\/strong><strong>. Mirela <\/strong><strong>C\u00eempean<\/strong>, Conf. dr. Zolt\u00e1n L\u00e1szl\u00f3, Dr. Gavril Marius Berchi, Dr. Avar-Lehel D\u00e9nes, Drd. Emerencia Szab\u00f3, Drd. D\u00e9nes Anna.<\/p>\n<p><!-- \/wp:paragraph --><!-- wp:paragraph --><\/p>\n<p><strong>2019 \u2013 2021 <\/strong>CONSERVING THE ENDEMIC FLORA OF THE CARPATHIAN REGION, Royal Botanic Gardens, Kew, UK \u2013 Coordonator. Partners: Plant Science and Biodiversity Center, Slovak Academy of Sciences, (PSBCSAS), Bratislava, Slovakia, Institute of Biological Research Cluj-Napoca (ICB), National Institute for Research and Development in Biological Sciences, Romania; Szafer Institute of Botany, Polish Academy of Sciences (IoB PAS), Krak\u00f3w Poland; Herbarium and Department of Botany, Charles University, Prague (DBCU), Czech Republic; Laboratoire d\u2019Ecologie Alpine, Universite Grenoble Alps, France. Buget: <strong>109.895,00 EURO<\/strong>. <strong>Dr.<\/strong><strong> Mihai Puscas, <\/strong>Colaboratori: <strong>Dr.<\/strong><strong> Irina <\/strong><strong>Goia.<\/strong><\/p>\n<p><!-- \/wp:paragraph --><!-- wp:paragraph --><\/p>\n<p><strong>2018 <\/strong><strong>&#8211;<\/strong><strong> 2021 <\/strong>Elaborarea planurilor de management ale siturilor Natura 2000 ROSCI0028 Cheile Cernei, ROSCI0054 Dealul Cet\u0103\u021bii Deva, ROSCI0136 P\u0103durea Bejan \u0219i ROSCI0254 Tufurile calcaroase din Valea Bob\u00e2lna si a ariilor protejate de interes na\u021bional care se suprapun cu acestea (2.512 P\u0103durea Bejan, 2.518 Dealul Cet\u0103\u021bii Deva, 2.504 Dealul Col\u021b-Dealul Z\u0103noaga, 2.520 Tufurile calcaroase din Valea Bob\u00e2lna \u0219i 2.530 Cheile Cernei). Beneficiar Universitatea Babe\u0219-Bolyai, Facultatea de Geografie. <strong>Dr.<\/strong><strong> Alin David<\/strong>.<\/p>\n<p><!-- \/wp:paragraph --><!-- wp:paragraph --><\/p>\n<p><strong>2018-2022<\/strong> <strong>TeMATIC<\/strong><strong>-Art<\/strong> Parteneriat pentru transferul de tehnologii inovative \u0219i materiale avansate \u00een domeniul artelor vizuale (produc\u021bie, conservare, restaurare). POC, ID P_40_374, nr. contract 14\/01.09.2016. <strong>Buget<\/strong><strong> total: 13.391.855 RON.<\/strong> director proiect Mih\u0103il\u0103 Adrian-Alin, Colaboratori: <strong>Dr.<\/strong><strong> Habil. <\/strong><strong>P\u00e2rvu<\/strong><strong> Marcel<\/strong>.<strong>2018-2020 MEMOIRE <\/strong>Monitorizarea la scar\u0103 fin\u0103 a efectelor schimb\u0103rilor climatice asupra ecosistemelor de paji\u0219ti de altitudine din Carpa\u021bii Rom\u00e2ne\u0219ti (MEMOIRE). PN-III-P1-1.1-PD2016-0925. <strong>Buget<\/strong><strong>: 249.996 RON<\/strong>. Director proiect Dr. Turtureanu Pavel Dan. Colaboratori: Dr. <strong>Pu\u0219ca\u0219<\/strong><strong> Mihai<\/strong>.<\/p>\n<p><!-- \/wp:paragraph --><!-- wp:paragraph --><\/p>\n<p><!-- \/wp:paragraph --><\/p>\t\t\t\t\t\t\t\t<\/div>\n\t\t\t\t<\/div>\n\t\t\t\t\t<\/div>\n\t\t\t\t<\/div>\n\t\t<div class=\"elementor-element elementor-element-abe5458 e-flex e-con-boxed e-con e-parent\" data-id=\"abe5458\" data-element_type=\"container\">\n\t\t\t\t\t<div class=\"e-con-inner\">\n\t\t\t\t<div class=\"elementor-element elementor-element-338d63c elementor-widget elementor-widget-text-editor\" data-id=\"338d63c\" data-element_type=\"widget\" data-widget_type=\"text-editor.default\">\n\t\t\t\t<div class=\"elementor-widget-container\">\n\t\t\t\t\t\t\t\t\t<p>Lorem ipsum dolor sit amet, consectetur adipiscing elit. Ut elit tellus, luctus nec ullamcorper mattis, pulvinar dapibus leo.<\/p>\t\t\t\t\t\t\t\t<\/div>\n\t\t\t\t<\/div>\n\t\t\t\t\t<\/div>\n\t\t\t\t<\/div>\n\t\t\t\t<\/div>\n\t\t","protected":false},"excerpt":{"rendered":"<p>2025-2026 GreenMount, Greening of the high mountains: long-term vegetation change in response to climate warming and land-use transformations. PN-IV-P2-2.1-TE-2023-0726. Contract no. 65TE \u2044 08.01.2025. Project funded by: UEFISCDI \u2013 Executive Agency for Higher Education, Research, Development and Innovation Funding, Romania. Director proiect: Dr. Pavel-Dan Turtureanu, Colaboratori: Prof. Dr. Mihai Pu\u0219ca\u0219. 2024 \u2013 2027\u00a0Sub-BioMon, Developing and [&hellip;]<\/p>\n","protected":false},"author":1,"featured_media":0,"parent":0,"menu_order":0,"comment_status":"closed","ping_status":"closed","template":"","meta":{"footnotes":""},"class_list":["post-137696","page","type-page","status-publish","hentry"],"_links":{"self":[{"href":"https:\/\/biogeo.ubbcluj.ro\/pages\/taxonomie\/index.php?rest_route=\/wp\/v2\/pages\/137696","targetHints":{"allow":["GET"]}}],"collection":[{"href":"https:\/\/biogeo.ubbcluj.ro\/pages\/taxonomie\/index.php?rest_route=\/wp\/v2\/pages"}],"about":[{"href":"https:\/\/biogeo.ubbcluj.ro\/pages\/taxonomie\/index.php?rest_route=\/wp\/v2\/types\/page"}],"author":[{"embeddable":true,"href":"https:\/\/biogeo.ubbcluj.ro\/pages\/taxonomie\/index.php?rest_route=\/wp\/v2\/users\/1"}],"replies":[{"embeddable":true,"href":"https:\/\/biogeo.ubbcluj.ro\/pages\/taxonomie\/index.php?rest_route=%2Fwp%2Fv2%2Fcomments&post=137696"}],"version-history":[{"count":28,"href":"https:\/\/biogeo.ubbcluj.ro\/pages\/taxonomie\/index.php?rest_route=\/wp\/v2\/pages\/137696\/revisions"}],"predecessor-version":[{"id":138854,"href":"https:\/\/biogeo.ubbcluj.ro\/pages\/taxonomie\/index.php?rest_route=\/wp\/v2\/pages\/137696\/revisions\/138854"}],"wp:attachment":[{"href":"https:\/\/biogeo.ubbcluj.ro\/pages\/taxonomie\/index.php?rest_route=%2Fwp%2Fv2%2Fmedia&parent=137696"}],"curies":[{"name":"wp","href":"https:\/\/api.w.org\/{rel}","templated":true}]}}