{"id":137208,"date":"2022-05-11T11:00:50","date_gmt":"2022-05-11T11:00:50","guid":{"rendered":"https:\/\/biogeo.ubbcluj.ro\/pages\/biologielm\/?page_id=137208"},"modified":"2023-04-25T11:07:53","modified_gmt":"2023-04-25T11:07:53","slug":"tetelek-es-szabalyok","status":"publish","type":"page","link":"https:\/\/biogeo.ubbcluj.ro\/pages\/biologielm\/?page_id=137208","title":{"rendered":"Szab\u00e1lyok \u00e9s t\u00e9telek"},"content":{"rendered":"\n<h2 class=\"has-text-align-left\">MEGYEI SZAKASZ<\/h2>\n\n\n\n<ul class=\"has-black-color has-text-color\">\n<li>A megyei szakaszon 30 k\u00e9rd\u00e9sb\u0151l \u00e1ll a feladatlap: 15 egyszeres v\u00e1laszt\u00e1sos k\u00e9rd\u00e9st, 10 k\u00e9tszeres v\u00e1laszt\u00e1sos k\u00e9rd\u00e9st \u00e9s 5 feladatot tartalmaz.<\/li>\n<\/ul>\n\n\n\n<ul class=\"has-black-color has-text-color\">\n<li>Minimum 40 pontot el kell \u00e9rni a helyez\u00e9shez \u00e9s az orsz\u00e1gos szakaszra val\u00f3 tov\u00e1bbjut\u00e1shoz. <\/li>\n<\/ul>\n\n\n\n<ul class=\"has-black-color has-text-color\">\n<li>\u00d6sszesen h\u00e1rom helyez\u00e9s oszthat\u00f3 ki megy\u00e9nk\u00e9nt \u00e9s oszt\u00e1lyonk\u00e9nt a pontsz\u00e1mok alapj\u00e1n. <\/li>\n<\/ul>\n\n\n\n<ul class=\"has-black-color has-text-color\">\n<li>A megyei els\u0151 h\u00e1rom helyezett automatikusan tov\u00e1bbjut az orsz\u00e1gos szakaszra.<\/li>\n<\/ul>\n\n\n\n<ul class=\"has-black-color has-text-color\">\n<li>Az esetlegesen \u00fcresen maradt helyez\u00e9seket \u00fajraosztjuk \u00e9s a j\u00f3 eredm\u00e9nyeket el\u00e9r\u0151k helyez\u00e9st\u0151l f\u00fcggetlen tov\u00e1bbjut\u00e1si jogot szerezhetnek. Pontegyez\u00e9s eset\u00e9ben az els\u0151dleges differenci\u00e1l\u00f3 krit\u00e9rium a feladatokn\u00e1l el\u00e9rt pontok sz\u00e1ma, a m\u00e1sodlagos differenci\u00e1l\u00f3 krit\u00e9rium a k\u00e9tszeres v\u00e1laszt\u00e1sos k\u00e9rd\u00e9sek eset\u00e9ben el\u00e9rt pontsz\u00e1mok.<\/li>\n<\/ul>\n\n\n\n<p><\/p>\n\n\n\n<p><mark style=\"background-color:rgba(0, 0, 0, 0)\" class=\"has-inline-color has-black-color\">2022\/2023 tan\u00e9v feladatlapjai<\/mark><\/p>\n\n\n\n<div class=\"is-layout-constrained wp-block-group\"><div class=\"wp-block-group__inner-container\">\n<div class=\"is-layout-constrained wp-block-group\"><div class=\"wp-block-group__inner-container\">\n<ul>\n<li><a href=\"https:\/\/biogeo.ubbcluj.ro\/pages\/biologielm\/wp-content\/uploads\/2023\/03\/Gelei_IX-tetelek_2023.pdf\" data-type=\"URL\" data-id=\"https:\/\/biogeo.ubbcluj.ro\/pages\/biologielm\/wp-content\/uploads\/2023\/03\/Gelei_IX-tetelek_2023.pdf\"><strong><mark style=\"background-color:rgba(0, 0, 0, 0)\" class=\"has-inline-color has-vivid-cyan-blue-color\">IX. oszt\u00e1ly<\/mark><\/strong><\/a><\/li>\n<\/ul>\n\n\n\n<ul>\n<li><a href=\"https:\/\/biogeo.ubbcluj.ro\/pages\/biologielm\/wp-content\/uploads\/2023\/03\/Gelei_X-tetelek_2023.pdf\" data-type=\"URL\" data-id=\"https:\/\/biogeo.ubbcluj.ro\/pages\/biologielm\/wp-content\/uploads\/2023\/03\/Gelei_X-tetelek_2023.pdf\"><strong><mark style=\"background-color:rgba(0, 0, 0, 0)\" class=\"has-inline-color has-vivid-cyan-blue-color\">X. oszt\u00e1ly<\/mark><\/strong><\/a><\/li>\n<\/ul>\n\n\n\n<ul>\n<li><a href=\"https:\/\/biogeo.ubbcluj.ro\/pages\/biologielm\/wp-content\/uploads\/2023\/03\/Gelei_XI-tetelek_2023.pdf\" data-type=\"URL\" data-id=\"https:\/\/biogeo.ubbcluj.ro\/pages\/biologielm\/wp-content\/uploads\/2023\/03\/Gelei_XI-tetelek_2023.pdf\"><strong><mark style=\"background-color:rgba(0, 0, 0, 0)\" class=\"has-inline-color has-vivid-cyan-blue-color\">XI. oszt\u00e1ly<\/mark><\/strong><\/a><\/li>\n<\/ul>\n<\/div><\/div>\n<\/div><\/div>\n\n\n\n<h2>ORSZ\u00c1GOS SZAKASZ<\/h2>\n\n\n\n<ul class=\"has-black-color has-text-color\">\n<li>Az orsz\u00e1gos szakaszon 50 k\u00e9rd\u00e9sb\u0151l \u00e1ll a feladatlap: 25 egyszeres v\u00e1laszt\u00e1sos k\u00e9rd\u00e9st, 15 k\u00e9tszeres v\u00e1laszt\u00e1sos k\u00e9rd\u00e9st \u00e9s 10 feladatot tartalmaz.<\/li>\n<\/ul>\n\n\n\n<ul class=\"has-black-color has-text-color\">\n<li>Minimum 40 pontot el kell \u00e9rni a helyez\u00e9shez.<\/li>\n<\/ul>\n\n\n\n<ul class=\"has-black-color has-text-color\">\n<li>\u00d6sszesen h\u00e1rom helyez\u00e9s oszthat\u00f3 ki oszt\u00e1lyonk\u00e9nt a pontsz\u00e1mok alapj\u00e1n.<\/li>\n<\/ul>\n\n\n\n<ul class=\"has-black-color has-text-color\">\n<li>Pontegyez\u00e9s eset\u00e9ben az els\u0151dleges differenci\u00e1l\u00f3 krit\u00e9rium a feladatokn\u00e1l el\u00e9rt pontok sz\u00e1ma, a m\u00e1sodlagos differenci\u00e1l\u00f3 krit\u00e9rium a k\u00e9tszeres v\u00e1laszt\u00e1sos k\u00e9rd\u00e9sek eset\u00e9ben el\u00e9rt pontsz\u00e1mok.<\/li>\n<\/ul>\n\n\n\n<p><\/p>\n\n\n\n<p><\/p>\n\n\n\n<h5>2021\/2022 tan\u00e9v feladatlapjai<\/h5>\n\n\n\n<ul>\n<li><a href=\"https:\/\/biogeo.ubbcluj.ro\/pages\/biologielm\/wp-content\/uploads\/2023\/04\/Gelei_orszagos_2022_IX.pdf\"><strong><mark style=\"background-color:rgba(0, 0, 0, 0)\" class=\"has-inline-color has-vivid-cyan-blue-color\">IX. oszt\u00e1ly<\/mark><\/strong><\/a><\/li>\n\n\n\n<li><a href=\"https:\/\/biogeo.ubbcluj.ro\/pages\/biologielm\/wp-content\/uploads\/2023\/04\/Gelei_orszagos_2022_X.pdf\"><strong><mark style=\"background-color:rgba(0, 0, 0, 0)\" class=\"has-inline-color has-vivid-cyan-blue-color\">X. oszt\u00e1ly<\/mark><\/strong><\/a><\/li>\n\n\n\n<li><a href=\"https:\/\/biogeo.ubbcluj.ro\/pages\/biologielm\/wp-content\/uploads\/2023\/04\/Gelei_orszagos_2022_XI.pdf\"><strong><mark style=\"background-color:rgba(0, 0, 0, 0)\" class=\"has-inline-color has-vivid-cyan-blue-color\">XI. oszt\u00e1ly<\/mark><\/strong><\/a><\/li>\n<\/ul>\n","protected":false},"excerpt":{"rendered":"<p>MEGYEI SZAKASZ 2022\/2023 tan\u00e9v feladatlapjai ORSZ\u00c1GOS SZAKASZ 2021\/2022 tan\u00e9v feladatlapjai<\/p>\n","protected":false},"author":2,"featured_media":0,"parent":137134,"menu_order":0,"comment_status":"closed","ping_status":"closed","template":"","meta":[],"_links":{"self":[{"href":"https:\/\/biogeo.ubbcluj.ro\/pages\/biologielm\/index.php?rest_route=\/wp\/v2\/pages\/137208"}],"collection":[{"href":"https:\/\/biogeo.ubbcluj.ro\/pages\/biologielm\/index.php?rest_route=\/wp\/v2\/pages"}],"about":[{"href":"https:\/\/biogeo.ubbcluj.ro\/pages\/biologielm\/index.php?rest_route=\/wp\/v2\/types\/page"}],"author":[{"embeddable":true,"href":"https:\/\/biogeo.ubbcluj.ro\/pages\/biologielm\/index.php?rest_route=\/wp\/v2\/users\/2"}],"replies":[{"embeddable":true,"href":"https:\/\/biogeo.ubbcluj.ro\/pages\/biologielm\/index.php?rest_route=%2Fwp%2Fv2%2Fcomments&post=137208"}],"version-history":[{"count":10,"href":"https:\/\/biogeo.ubbcluj.ro\/pages\/biologielm\/index.php?rest_route=\/wp\/v2\/pages\/137208\/revisions"}],"predecessor-version":[{"id":137266,"href":"https:\/\/biogeo.ubbcluj.ro\/pages\/biologielm\/index.php?rest_route=\/wp\/v2\/pages\/137208\/revisions\/137266"}],"up":[{"embeddable":true,"href":"https:\/\/biogeo.ubbcluj.ro\/pages\/biologielm\/index.php?rest_route=\/wp\/v2\/pages\/137134"}],"wp:attachment":[{"href":"https:\/\/biogeo.ubbcluj.ro\/pages\/biologielm\/index.php?rest_route=%2Fwp%2Fv2%2Fmedia&parent=137208"}],"curies":[{"name":"wp","href":"https:\/\/api.w.org\/{rel}","templated":true}]}}