{"id":978,"date":"2023-05-25T06:16:28","date_gmt":"2023-05-25T06:16:28","guid":{"rendered":"https:\/\/biogeo.ubbcluj.ro\/gta\/?page_id=978"},"modified":"2025-03-14T07:44:35","modified_gmt":"2025-03-14T07:44:35","slug":"contact-2","status":"publish","type":"page","link":"https:\/\/biogeo.ubbcluj.ro\/gta\/?page_id=978&lang=en","title":{"rendered":"Contact"},"content":{"rendered":"\n<p><\/p>\n\n\n\n<h3 class=\"wp-block-heading\">Contact:<\/h3>\n\n\n\n<p><\/p>\n\n\n\n<p><strong><span style=\"text-decoration: underline;\">Prof. dr. habil. Ioan Tan\u0163\u0103u<\/span><\/strong>&nbsp;<\/p>\n\n\n\n<p><em>Director of the Doctoral School of Theoretical and Applied Geology<\/em><\/p>\n\n\n\n<p><\/p>\n\n\n\n<p><strong><span style=\"text-decoration: underline;\">Liana S\u0103s\u0103ran<\/span><\/strong><\/p>\n\n\n\n<p><em>Secretar<\/em>y<\/p>\n\n\n\n<p><a href=\"mailto:sdgeologie.biogeo@ubbcluj.ro\">sdgeologie.biogeo@ubbcluj.ro<\/a><\/p>\n\n\n\n<p>Department of Geology, Babe\u0219-Bolyai University<\/p>\n\n\n\n<p>Str. Mihail Kog\u0103lniceanu 1<\/p>\n\n\n\n<p>400084 Cluj-Napoca, Romania<\/p>\n","protected":false},"excerpt":{"rendered":"<p>Contact: Prof. dr. habil. Ioan Tan\u0163\u0103u&nbsp; Director of the Doctoral School of Theoretical and Applied Geology Liana S\u0103s\u0103ran Secretary sdgeologie.biogeo@ubbcluj.ro Department of Geology, Babe\u0219-Bolyai University Str. Mihail Kog\u0103lniceanu 1 400084 Cluj-Napoca, Romania<\/p>\n","protected":false},"author":1,"featured_media":0,"parent":0,"menu_order":0,"comment_status":"closed","ping_status":"closed","template":"fullwidth-template.php","meta":{"footnotes":""},"class_list":["post-978","page","type-page","status-publish","hentry"],"_links":{"self":[{"href":"https:\/\/biogeo.ubbcluj.ro\/gta\/index.php?rest_route=\/wp\/v2\/pages\/978","targetHints":{"allow":["GET"]}}],"collection":[{"href":"https:\/\/biogeo.ubbcluj.ro\/gta\/index.php?rest_route=\/wp\/v2\/pages"}],"about":[{"href":"https:\/\/biogeo.ubbcluj.ro\/gta\/index.php?rest_route=\/wp\/v2\/types\/page"}],"author":[{"embeddable":true,"href":"https:\/\/biogeo.ubbcluj.ro\/gta\/index.php?rest_route=\/wp\/v2\/users\/1"}],"replies":[{"embeddable":true,"href":"https:\/\/biogeo.ubbcluj.ro\/gta\/index.php?rest_route=%2Fwp%2Fv2%2Fcomments&post=978"}],"version-history":[{"count":7,"href":"https:\/\/biogeo.ubbcluj.ro\/gta\/index.php?rest_route=\/wp\/v2\/pages\/978\/revisions"}],"predecessor-version":[{"id":2145,"href":"https:\/\/biogeo.ubbcluj.ro\/gta\/index.php?rest_route=\/wp\/v2\/pages\/978\/revisions\/2145"}],"wp:attachment":[{"href":"https:\/\/biogeo.ubbcluj.ro\/gta\/index.php?rest_route=%2Fwp%2Fv2%2Fmedia&parent=978"}],"curies":[{"name":"wp","href":"https:\/\/api.w.org\/{rel}","templated":true}]}}