{"id":39,"date":"2021-04-22T07:27:12","date_gmt":"2021-04-22T07:27:12","guid":{"rendered":"https:\/\/biogeo.ubbcluj.ro\/gta\/?page_id=39"},"modified":"2023-04-07T08:56:55","modified_gmt":"2023-04-07T08:56:55","slug":"programe-postdoctorale-de-cercetare-avansata","status":"publish","type":"page","link":"https:\/\/biogeo.ubbcluj.ro\/gta\/?page_id=39","title":{"rendered":"Programe postdoctorale de cercetare avansat\u0103"},"content":{"rendered":"\n<p><strong>Cercet\u0103tori postdoctorali afilia\u021bi&nbsp;\u0218colii Doctorale de&nbsp;Geologie Teoretic\u0103 \u0219i Aplicat\u0103<\/strong><\/p>\n\n\n\n<ol class=\"wp-block-list\"><li>MIRCESCU Cristian Victor &#8211; 2019-2021<\/li><li>T\u0102MA\u0218 Dan Mircea &#8211; 2020-2022<\/li><li>DR\u0102GU\u0218ANU Sergiu &#8211; 2021-2023<\/li><li>K\u00f6vecsi Szabolcs Attila &#8211; 2022 &#8211; 2024<\/li><\/ol>\n\n\n\n<hr class=\"wp-block-separator\"\/>\n\n\n\n<p class=\"has-text-align-center\"><strong>Programe postdoctorale&nbsp;desf\u0103\u0219urate \u00een cadrul SDGTA<\/strong> <strong>\u00een anul universitar 2022-2023 <\/strong><\/p>\n\n\n\n<p>\u00cen aten\u021bia candida\u021bilor la competi\u021bia 2022 a proiectului POCU\/993\/6\/13\/153310 \u201eDezvoltarea competen\u021belor de cercetare avansat\u0103 \u015fi aplicat\u0103 \u00een logica STEAM + Health\u201d, pentru selec\u021bia cercet\u0103torilor postdoctoranzi.&nbsp; <\/p>\n\n\n\n<p><span class=\"has-inline-color has-vivid-red-color\"><strong>Rezultatele admiterii la programul postdoctoral de cercetare avansat\u0103 sesiunea iulie 2022:<\/strong><\/span><\/p>\n\n\n\n<p><span class=\"has-inline-color has-vivid-red-color\"><strong>Cod identificare dosar: Postdoc 12.07.2022       Media admitere: 10,00 (zece)      Rezultat: Admis    <\/strong><\/span><\/p>\n\n\n\n<p>Depunere contesta\u021bii: 15 iulie 2022, ora 14.00, sala P 31. &nbsp;&nbsp;<\/p>\n\n\n\n<p>Rezolvarea contesta\u021biilor \u0219i afi\u0219area rezultatelor finale: 15 iulie 2022, ora 15.00.&nbsp;&nbsp;<\/p>\n\n\n\n<p><span class=\"has-inline-color has-vivid-cyan-blue-color\">\u0218coala doctoral\u0103 de Geologie organizeaz\u0103 selec\u021bia candida\u021bilor pentru dob\u00e2ndirea calit\u0103\u021bii de cercet\u0103tor postdoctoral, dup\u0103 cum urmeaz\u0103:<\/span><\/p>\n\n\n\n<ul class=\"wp-block-list\"><li>24-29 iunie 2022- candida\u021bii trimit o scrisoare de inten\u021bie c\u0103tre directorul \u0219colii doctorale de geologie la adresa de email: calin.tamas@ubbcluj.ro, prin care \u00ee\u0219i exprim\u0103 inten\u021bia de afiliere ca cercet\u0103tor postdoctoral la SDGTA<\/li><\/ul>\n\n\n\n<p><strong>Calendarul admiterii<\/strong>&nbsp;la programul postdoctoral de cercetare avansat\u0103:&nbsp;&nbsp;<\/p>\n\n\n\n<p>Depunere dosare: p\u00e2n\u0103 \u00een data de 12 iulie 2022, ora 14.00, sala P31&nbsp;&nbsp;<\/p>\n\n\n\n<p>Procesul de selec\u021bie (evaluare dosare): 14 iulie 2022, ora 9.00, sala G1.&nbsp;&nbsp;<\/p>\n\n\n\n<p>Anun\u021barea rezultatelor: 14 iulie 2022, ora 12.00, prin afi\u0219are pe site-ul \u0219colii doctorale \u0219i la avizier.&nbsp;&nbsp;<\/p>\n\n\n\n<hr class=\"wp-block-separator is-style-wide\"\/>\n\n\n\n<p><strong>OPORTUNITATE DE BURSE PENTRU CERCETARE APLICATIV\u0102<\/strong> &#8211; <a href=\"https:\/\/doctorat.ubbcluj.ro\/ro\/apel-de-selectie-doctoranzi-si-cercetatori-postdoctorali-proiectul-pocu-993-6-13-153310-dezvoltarea-competentelor-de-cercetare-avansata-si-aplicata-in-logica-steam-health\/\" data-type=\"URL\" data-id=\"https:\/\/doctorat.ubbcluj.ro\/ro\/apel-de-selectie-doctoranzi-si-cercetatori-postdoctorali-proiectul-pocu-993-6-13-153310-dezvoltarea-competentelor-de-cercetare-avansata-si-aplicata-in-logica-steam-health\/\"><span class=\"has-inline-color has-vivid-red-color\"><strong>APEL DE SELEC\u021aIE  doctoranzi \u0219i CERCET\u0102TORI POSTDOCTORALI<\/strong> <strong>2022<\/strong><\/span>&#8211;<strong><span class=\"has-inline-color has-vivid-red-color\">2023<\/span><\/strong><\/a><\/p>\n\n\n\n<p><strong>Grupul \u021bint\u0103 &#8211; DOCTORANZI \u0218I CERCET\u0102TORI POSTDOCTORALI<\/strong><\/p>\n\n\n\n<p>Bursele se adreseaz\u0103 doctoranzilor Universit\u0103\u021bii Babe\u0219-Bolyai care, \u00eencep\u00e2nd cu luna octombrie 2022, vor avea calitatea de doctorand \u00een ultimul an, precum \u0219i cercet\u0103torilor postdoctorali, care \u00ee\u0219i \u00eenscriu cercet\u0103rile \u00eentr-un domeniu de specializare inteligent\u0103, conform SNCDI, \u0219i doresc s\u0103 desf\u0103\u0219oare cercet\u0103ri \u00een colaborare cu institu\u021bii de cercetare sau agen\u021bi economici.<\/p>\n\n\n\n<p>Avantaje:<\/p>\n\n\n\n<ul class=\"wp-block-list\"><li><strong>Burs\u0103 <\/strong>\u00een cuantum de 400 de euro pentru doctoranzi \u0219i 600 de euro pentru cercet\u0103torii postdoctorali<\/li><li>Implicarea \u00eentr-un<strong> program de cercetare aplicativ\u0103 \u00een colaborare cu entit\u0103\u021bi relevante \u00een domeniu<\/strong><\/li><li><strong>Stagii de cercetare aplicativ\u0103<\/strong> la un agent economic sau \u00eentr-o alt\u0103 institu\u021bie \u00een domeniul de cercetare, cu sprijinul unui mentor pe parcursul a 12 luni<\/li><li>Acces gratuit la o<strong> infrastructur\u0103 modern\u0103 de cercetare<\/strong><\/li><li>Oportunitatea de a participa la <strong>module de formare a competen\u021belor transversale<\/strong><\/li><li>Sus\u021binerea <strong>valorific\u0103rii cercet\u0103rii<\/strong> prin publica\u021bii \u0219i particip\u0103ri la evenimente \u0219tiin\u021bifice<\/li><li><strong>Colaborarea \u00een re\u021bea<\/strong> cu parteneri institu\u021bionali relevan\u021bi \u00een domeniile de specializare inteligent\u0103<\/li><li><strong>Premierea<\/strong><strong> <\/strong>finaliz\u0103rii programului de doctorat \u0219i a celui postdoctoral p\u00e2n\u0103 la 30 octombrie 2023 cu 4000 de lei<\/li><\/ul>\n\n\n\n<p><span class=\"has-inline-color has-vivid-red-color\">Perioada de derulare:<\/span><\/p>\n\n\n\n<ul class=\"wp-block-list\"><li>01.10.2022 \u2013 30.09.2023<\/li><\/ul>\n\n\n\n<p><span class=\"has-inline-color has-vivid-red-color\">Calendar de selec\u021bie:<\/span><\/p>\n\n\n\n<figure class=\"wp-block-table\"><table><tbody><tr><td>Deschiderea competi\u021biei de selec\u021bie<\/td><td>15.06.2022<\/td><\/tr><tr><td>\u00censcrierea candida\u021bilor<\/td><td>15.06.2022 \u2013 31.07.2022<\/td><\/tr><tr><td>Organizarea interviului<\/td><td>22.08.2022-26.08.2022<\/td><\/tr><tr><td>Contesta\u021bii<\/td><td>29.08.2022-30.08.2022<\/td><\/tr><tr><td>Solu\u021bionarea contesta\u021biilor<\/td><td>31.08.2022<\/td><\/tr><tr><td>Publicarea rezultatelor finale<\/td><td>01.09.2022<\/td><\/tr><\/tbody><\/table><\/figure>\n\n\n\n<p><span class=\"has-inline-color has-vivid-red-color\">Dosarul de admitere se va transmite fizic la Registratura Universit\u0103\u021bii Babe\u0219-Bolyai, pe adresa: Universitatea Babe\u0219-Bolyai, Str. M. Kog\u0103lniceanu, Nr. 1, 400084 \u2013 Cluj-Napoca cu men\u021biunea:  pentru Facultatea de Studii Europene, <strong>Competi\u021bie POCU153310<\/strong><\/span><\/p>\n\n\n\n<p><span class=\"has-inline-color has-vivid-red-color\">Locuri eligibile:<\/span><\/p>\n\n\n\n<ul class=\"wp-block-list\"><li>42 de locuri pentru doctoranzi \u0219i 30 pentru cercet\u0103tori postdoctorali (minimum un loc pentru fiecare categorie de grup \u021bint\u0103\/\u0219coal\u0103 doctoral\u0103)<\/li><\/ul>\n\n\n\n<p><span class=\"has-inline-color has-vivid-red-color\">Modalitate de selec\u021bie:<\/span><\/p>\n\n\n\n<ul class=\"wp-block-list\"><li>Selec\u021bie competitiv\u0103 pe baza activit\u0103\u021bii \u0219tiin\u021bifice \u0219i a unui plan de valorificare a cercet\u0103rii \u00een mediul socio-economic<\/li><\/ul>\n\n\n\n<p><a href=\"https:\/\/biogeo.ubbcluj.ro\/gta\/wp-content\/uploads\/2022\/06\/0_Metodologie-selectie_GT.pdf\" data-type=\"URL\" target=\"_blank\" rel=\"noreferrer noopener\"><strong>METODOLOGIA DE SELEC\u021aIE A GRUPULUI \u021aINT\u0102 \u00ceN PROIECTUL<\/strong> <strong>POCU\/993\/6\/13\/153310 \u201eDezvoltarea competen\u021belor de cercetare avansat\u0103 \u015fi aplicat\u0103 \u00een logica STEAM + Health\u201d<\/strong> <\/a><\/p>\n\n\n\n<p><strong>Dosarul de admitere<\/strong>&nbsp;va cuprinde urm\u0103toarele:<\/p>\n\n\n\n<ol class=\"wp-block-list\"><li>Fi\u015fa de \u00eenscriere (formular tip, <a rel=\"noreferrer noopener\" href=\"https:\/\/biogeo.ubbcluj.ro\/gta\/wp-content\/uploads\/2022\/06\/1_Fisa_inscriere_Anexa_1-2.docx\" data-type=\"URL\" data-id=\"https:\/\/biogeo.ubbcluj.ro\/gta\/wp-content\/uploads\/2022\/06\/1_Fisa_inscriere_Anexa_1-2.docx\" target=\"_blank\">Anexa 1<\/a>)<\/li><li>Cartea de identitate (copie)<\/li><li>Diploma de licen\u021b\u0103 (copie)<\/li><li>Diploma de master sau echivalent\u0103 a acesteia (copie)<\/li><li>Adeverin\u021b\u0103 care s\u0103 dovedeasc\u0103 calitatea de doctorand sau cercet\u0103tor postdoctoral<\/li><li>Pentru cercet\u0103torii postdoctorali &#8211; Diplom\u0103 de doctor sau Ordin de Ministru<\/li><li>Curriculum vitae (Europass)<\/li><li>Declara\u021bie evitare dubl\u0103 finan\u021bare (<a rel=\"noreferrer noopener\" href=\"https:\/\/biogeo.ubbcluj.ro\/gta\/wp-content\/uploads\/2022\/06\/2_Declaratie_dubla_finantare_Anexa_2.docx\" data-type=\"URL\" data-id=\"https:\/\/biogeo.ubbcluj.ro\/gta\/wp-content\/uploads\/2022\/06\/2_Declaratie_dubla_finantare_Anexa_2.docx\" target=\"_blank\">Anexa 2<\/a>)<\/li><li>Declara\u021bie acord prelucrarea datelor cu caracter personal (<a rel=\"noreferrer noopener\" href=\"https:\/\/biogeo.ubbcluj.ro\/gta\/wp-content\/uploads\/2022\/06\/3_Declaratie_date_personale_Anexa_3.docx\" data-type=\"URL\" data-id=\"https:\/\/biogeo.ubbcluj.ro\/gta\/wp-content\/uploads\/2022\/06\/3_Declaratie_date_personale_Anexa_3.docx\" target=\"_blank\">Anexa 3<\/a>)<\/li><li>Raport de autoevaluare \u2013 pe baza c\u0103ruia va fi evaluat\u0103 performan\u021ba \u0219tiin\u021bific\u0103. Acesta va con\u021bine lucr\u0103rile publicate, particip\u0103rile la conferin\u021be \u0219i la proiecte de cercetare (<a rel=\"noreferrer noopener\" href=\"https:\/\/biogeo.ubbcluj.ro\/gta\/wp-content\/uploads\/2022\/06\/4_Raport_autoevaluare_Anexa_4.docx\" data-type=\"URL\" data-id=\"https:\/\/biogeo.ubbcluj.ro\/gta\/wp-content\/uploads\/2022\/06\/4_Raport_autoevaluare_Anexa_4.docx\" target=\"_blank\">Anexa 4<\/a>)<\/li><li>Plan de valorificare a rezultatelor cercet\u0103rii &#8211; pe baza c\u0103ruia va fi evaluat poten\u021bialul de inovare \u0219i caracterul aplicativ al cercet\u0103rii. Acesta va descrie modul de valorificare a rezultatelor cercet\u0103rii prin integrarea acestora \u00een produse\/metode\/servicii cu aplicabilitate \u00een economie sau mediul social (<a href=\"https:\/\/biogeo.ubbcluj.ro\/gta\/wp-content\/uploads\/2022\/06\/5_Plan_valorificare_Anexa_5.docx\" data-type=\"URL\" data-id=\"https:\/\/biogeo.ubbcluj.ro\/gta\/wp-content\/uploads\/2022\/06\/5_Plan_valorificare_Anexa_5.docx\" target=\"_blank\" rel=\"noreferrer noopener\">Anexa 5<\/a>).<\/li><\/ol>\n\n\n\n<p><strong><span class=\"has-inline-color has-black-color\">Not\u0103<\/span><\/strong>: Conformitatea cu originalul (pentru diplome) se va realiza la depunerea dosarului de competi\u021bie, cu prezentarea documentelor originale. Dosarul de admitere se va completa cu documentele mai sus men\u021bionate \u0219i se va transmite fizic prin Registratura Universit\u0103\u021bii Babe\u0219-Bolyai, pe adresa: Universitatea Babe\u0219-Bolyai, Str. M. Kog\u0103lniceanu, Nr. 1, 400084 \u2013 Cluj-Napoca cu men\u021biunea: pentru Facultatea de Studii Europene, <strong>Competi\u021bie POCU15331<\/strong>.<\/p>\n\n\n\n<hr class=\"wp-block-separator is-style-wide\"\/>\n\n\n\n<hr class=\"wp-block-separator is-style-wide\"\/>\n\n\n\n<ul class=\"wp-block-list\"><li><a href=\"https:\/\/biogeo.ubbcluj.ro\/gta\/?p=115\">REZULTATE ADMITERE POSTDOCTORAT SDGTA \u2013&nbsp;Sesiunea FEBRUARIE 2021<\/a>April 22, 2021<\/li><li><a href=\"https:\/\/biogeo.ubbcluj.ro\/gta\/?p=111\">Anunt selectie candida\u021bi POSTDOC la \u0218coala Doctoral\u0103 de Geologie Teoretic\u0103 \u0219i Aplicat\u0103 \u2013 sesiunea FEBRUARIE 2021<\/a>April 22, 2021<\/li><li><a href=\"https:\/\/biogeo.ubbcluj.ro\/gta\/?p=109\">REZULTATE ADMITERE POSTDOCTORAT SDGTA \u2013&nbsp;Sesiunea IANUARIE 2021<\/a>April 22, 2021<\/li><li><a href=\"https:\/\/biogeo.ubbcluj.ro\/gta\/?p=107\">REZULTATE ADMITERE DOCTORAT SEPTEMBRIE 2018<\/a>April 22, 2021<\/li><li><a href=\"https:\/\/biogeo.ubbcluj.ro\/gta\/?p=105\">Rezultatele alegerilor din 2017<\/a>April 22, 2021<\/li><\/ul>\n","protected":false},"excerpt":{"rendered":"<p>Cercet\u0103tori postdoctorali afilia\u021bi&nbsp;\u0218colii Doctorale de&nbsp;Geologie Teoretic\u0103 \u0219i Aplicat\u0103 MIRCESCU Cristian Victor &#8211; 2019-2021 T\u0102MA\u0218 Dan Mircea &#8211; 2020-2022 DR\u0102GU\u0218ANU Sergiu &#8211; 2021-2023 K\u00f6vecsi Szabolcs Attila &#8211; 2022 &#8211; 2024 Programe postdoctorale&nbsp;desf\u0103\u0219urate \u00een cadrul SDGTA \u00een anul universitar 2022-2023 \u00cen aten\u021bia candida\u021bilor la competi\u021bia 2022 a proiectului POCU\/993\/6\/13\/153310 \u201eDezvoltarea competen\u021belor de&hellip;<\/p>\n","protected":false},"author":1,"featured_media":0,"parent":0,"menu_order":0,"comment_status":"closed","ping_status":"closed","template":"fullwidth-template.php","meta":{"footnotes":""},"class_list":["post-39","page","type-page","status-publish","hentry"],"_links":{"self":[{"href":"https:\/\/biogeo.ubbcluj.ro\/gta\/index.php?rest_route=\/wp\/v2\/pages\/39","targetHints":{"allow":["GET"]}}],"collection":[{"href":"https:\/\/biogeo.ubbcluj.ro\/gta\/index.php?rest_route=\/wp\/v2\/pages"}],"about":[{"href":"https:\/\/biogeo.ubbcluj.ro\/gta\/index.php?rest_route=\/wp\/v2\/types\/page"}],"author":[{"embeddable":true,"href":"https:\/\/biogeo.ubbcluj.ro\/gta\/index.php?rest_route=\/wp\/v2\/users\/1"}],"replies":[{"embeddable":true,"href":"https:\/\/biogeo.ubbcluj.ro\/gta\/index.php?rest_route=%2Fwp%2Fv2%2Fcomments&post=39"}],"version-history":[{"count":30,"href":"https:\/\/biogeo.ubbcluj.ro\/gta\/index.php?rest_route=\/wp\/v2\/pages\/39\/revisions"}],"predecessor-version":[{"id":1325,"href":"https:\/\/biogeo.ubbcluj.ro\/gta\/index.php?rest_route=\/wp\/v2\/pages\/39\/revisions\/1325"}],"wp:attachment":[{"href":"https:\/\/biogeo.ubbcluj.ro\/gta\/index.php?rest_route=%2Fwp%2Fv2%2Fmedia&parent=39"}],"curies":[{"name":"wp","href":"https:\/\/api.w.org\/{rel}","templated":true}]}}