{"id":35,"date":"2021-04-22T07:26:03","date_gmt":"2021-04-22T07:26:03","guid":{"rendered":"https:\/\/biogeo.ubbcluj.ro\/gta\/?page_id=35"},"modified":"2026-04-27T14:59:12","modified_gmt":"2026-04-27T14:59:12","slug":"personal","status":"publish","type":"page","link":"https:\/\/biogeo.ubbcluj.ro\/gta\/?page_id=35","title":{"rendered":"Personal"},"content":{"rendered":"\n<h3 class=\"wp-block-heading has-text-align-center has-large-font-size\"><strong>Conduc\u0103tori de doctorat titulari<\/strong><\/h3>\n\n\n\n<hr class=\"wp-block-separator has-css-opacity is-style-wide\"\/>\n\n\n\n<p class=\"has-medium-font-size\"><strong>Prof. dr.<\/strong> <em><strong>habil<\/strong><\/em>. <strong>Ioan TAN\u021a\u0102U<\/strong> (Director)<\/p>\n\n\n<div class=\"wp-block-image is-style-default\">\n<figure class=\"alignleft size-full is-resized\"><img loading=\"lazy\" decoding=\"async\" width=\"774\" height=\"918\" src=\"https:\/\/biogeo.ubbcluj.ro\/gta\/wp-content\/uploads\/2025\/11\/Tantau_3.jpg\" alt=\"\" class=\"wp-image-2548\" style=\"object-fit:cover;width:130px;height:170px\" srcset=\"https:\/\/biogeo.ubbcluj.ro\/gta\/wp-content\/uploads\/2025\/11\/Tantau_3.jpg 774w, https:\/\/biogeo.ubbcluj.ro\/gta\/wp-content\/uploads\/2025\/11\/Tantau_3-253x300.jpg 253w, https:\/\/biogeo.ubbcluj.ro\/gta\/wp-content\/uploads\/2025\/11\/Tantau_3-768x911.jpg 768w\" sizes=\"auto, (max-width: 774px) 100vw, 774px\" \/><\/figure><\/div>\n\n\n<div class=\"wp-block-group is-vertical is-layout-flex wp-container-core-group-is-layout-8cf370e7 wp-block-group-is-layout-flex\">\n<p class=\"has-small-font-size\">Babe\u015f-Bolyai University, Department of Geology and Center for Integrated Geological Studies<\/p>\n\n\n\n<p class=\"has-small-font-size\">Str. M. Kog\u0103lniceanu nr. 1, 400084 Cluj-Napoca, Romania<\/p>\n\n\n\n<p class=\"has-small-font-size\"><a href=\"https:\/\/biogeo.ubbcluj.ro\/gta\/wp-admin\/ioan.tantau@ubbcluj.ro\" target=\"_blank\" rel=\"noreferrer noopener\">E-mail:<\/a> ioan.tantau@ubbcluj.ro<\/p>\n\n\n\n<p class=\"has-small-font-size\"><a href=\"http:\/\/biogeo.ubbcluj.ro\/gta\/wp-content\/uploads\/2021\/10\/Profil-stiintific_Tantau.pdf\" data-type=\"URL\" data-id=\"biogeo.ubbcluj.ro\/gta\/wp-content\/uploads\/2021\/10\/Profil-stiintific_Tantau.pdf\">Profil \u0219tiin\u021bific &#8211; Teme de cercetare<\/a><\/p>\n\n\n\n<p class=\"has-small-font-size\"><a href=\"https:\/\/biogeo.ubbcluj.ro\/gta\/wp-content\/uploads\/2026\/01\/Tantau-Ioan_CV.pdf\" data-type=\"attachment\" data-id=\"2571\">CV<\/a><\/p>\n\n\n\n<p class=\"has-small-font-size\"><a href=\"https:\/\/biogeo.ubbcluj.ro\/gta\/wp-content\/uploads\/2026\/01\/Lucrari-stiintifice_Tantau.pdf\" data-type=\"attachment\" data-id=\"2597\">Publica\u021bii \u0219tiin\u021bifice<\/a> &#8211; <a href=\"https:\/\/scholar.google.com\/citations?hl=ro&amp;user=BZZHfyoAAAAJ\">Google scholar<\/a><\/p>\n\n\n\n<p class=\"has-small-font-size\"><a href=\"https:\/\/biogeo.ubbcluj.ro\/gta\/wp-content\/uploads\/2026\/01\/Fisa-verificare-a-indeplinirii-standardelor-CNATDCU_abilitare_SDGTA_Tantau.pdf\" data-type=\"attachment\" data-id=\"2599\">Standarde abilitare<\/a><\/p>\n<\/div>\n\n\n\n<hr class=\"wp-block-separator has-css-opacity is-style-wide\"\/>\n\n\n\n<p class=\"has-medium-font-size\"><strong>Conf. dr. <em>habil<\/em>. Ferenc FORRAY<\/strong><\/p>\n\n\n<div class=\"wp-block-image\">\n<figure class=\"alignleft\"><img decoding=\"async\" src=\"https:\/\/biogeo.ubbcluj.ro\/gta\/wp-content\/uploads\/Forray.jpg\" alt=\"forray\" class=\"wp-image-170\"\/><\/figure><\/div>\n\n\n<div class=\"wp-block-group is-vertical is-layout-flex wp-container-core-group-is-layout-8cf370e7 wp-block-group-is-layout-flex\">\n<p class=\"has-small-font-size\">Babe\u015f-Bolyai University, Department of Geology and Center for Integrated Geological Studies<\/p>\n\n\n\n<p class=\"has-small-font-size\">Str. M. Kog\u0103lniceanu nr. 1, 400084 Cluj-Napoca, Romania<\/p>\n\n\n\n<p class=\"has-small-font-size\"><a href=\"mailto:forray.ferenc@ubbcluj.ro\" data-type=\"mailto\">E-mail<\/a><\/p>\n\n\n\n<p class=\"has-small-font-size\"><a rel=\"noreferrer noopener\" href=\"https:\/\/biogeo.ubbcluj.ro\/gta\/wp-content\/uploads\/2021\/10\/Forray_Ferenc_Profile.docx\" data-type=\"URL\" data-id=\"https:\/\/biogeo.ubbcluj.ro\/gta\/wp-content\/uploads\/2021\/10\/Forray_Ferenc_Profile.docx\" target=\"_blank\"><mark style=\"background-color:rgba(0, 0, 0, 0)\" class=\"has-inline-color has-vivid-purple-color\"><\/mark><\/a><a href=\"http:\/\/biogeo.ubbcluj.ro\/gta\/wp-content\/uploads\/2021\/10\/Forray_Ferenc_Profile.docx\" data-type=\"URL\" data-id=\"biogeo.ubbcluj.ro\/gta\/wp-content\/uploads\/2021\/10\/Forray_Ferenc_Profile.docx\">Profilul \u0219tiin\u021bific &#8211; Teme de cercetare<\/a><\/p>\n\n\n\n<p class=\"has-small-font-size\"><a href=\"https:\/\/biogeo.ubbcluj.ro\/gta\/wp-content\/uploads\/2026\/02\/CV-Forray_ENG-2026.pdf\" data-type=\"attachment\" data-id=\"3045\">CV<\/a><\/p>\n\n\n\n<p class=\"has-small-font-size\"><a href=\"https:\/\/biogeo.ubbcluj.ro\/gta\/wp-content\/uploads\/2026\/02\/Forray_Publication-list.pdf\" data-type=\"attachment\" data-id=\"3046\">Publica\u021bii \u0219tiin\u021bifice<\/a> &#8211; <a href=\"https:\/\/scholar.google.com\/citations?hl=ro&amp;user=RsnPBRgAAAAJ\">Google scholar<\/a><\/p>\n\n\n\n<p class=\"has-small-font-size\"><a href=\"https:\/\/biogeo.ubbcluj.ro\/gta\/wp-content\/uploads\/2026\/02\/Fisa-verificare-standarde-abilitare_Forray.pdf\" data-type=\"attachment\" data-id=\"3142\">Standarde abilitare<\/a><\/p>\n<\/div>\n\n\n\n<hr class=\"wp-block-separator has-css-opacity is-style-wide\"\/>\n\n\n\n<p class=\"has-medium-font-size\"><strong>Conf. dr. <em>habil<\/em>. C\u0103lin Gabriel T\u0102MA\u0218<\/strong><\/p>\n\n\n<div class=\"wp-block-image\">\n<figure class=\"alignleft\"><img decoding=\"async\" src=\"https:\/\/biogeo.ubbcluj.ro\/gta\/wp-content\/uploads\/TamasC.jpg\" alt=\"tamasc\" class=\"wp-image-175\"\/><\/figure><\/div>\n\n\n<div class=\"wp-block-group is-vertical is-layout-flex wp-container-core-group-is-layout-8cf370e7 wp-block-group-is-layout-flex\">\n<p class=\"has-small-font-size\">Babe\u015f-Bolyai University, Department of Geology and Center for Integrated Geological Studies<\/p>\n\n\n\n<p class=\"has-small-font-size\">Str. M. Kog\u0103lniceanu nr. 1, 400084 Cluj-Napoca, Romania<\/p>\n\n\n\n<p class=\"has-small-font-size\"><a rel=\"noreferrer noopener\" href=\"mailto:calin.tamas@ubbcluj.ro\" target=\"_blank\">E-mail<\/a><\/p>\n\n\n\n<p class=\"has-small-font-size\"><a href=\"https:\/\/biogeo.ubbcluj.ro\/gta\/wp-content\/uploads\/2021\/10\/Tamas_Profil-stiintific.docx\" data-type=\"URL\" data-id=\"https:\/\/biogeo.ubbcluj.ro\/gta\/wp-content\/uploads\/2021\/10\/Tamas_Profil-stiintific.docx\" target=\"_blank\" rel=\"noreferrer noopener\">P<\/a><a href=\"https:\/\/biogeo.ubbcluj.ro\/gta\/wp-content\/uploads\/2021\/10\/Tamas_Profil-stiintific.docx\" data-type=\"attachment\" data-id=\"317\">rofilul \u0219tiin\u021bific &#8211; Teme de cercetare<\/a><\/p>\n\n\n\n<p class=\"has-small-font-size\"><a href=\"https:\/\/biogeo.ubbcluj.ro\/gta\/wp-content\/uploads\/2026\/02\/CV_Tamas-CG_Engl.pdf\" data-type=\"attachment\" data-id=\"2818\">CV<\/a><\/p>\n\n\n\n<p class=\"has-small-font-size\"><a href=\"https:\/\/biogeo.ubbcluj.ro\/gta\/wp-content\/uploads\/2026\/02\/Tamas-CG_publicatii_2026.pdf\" data-type=\"attachment\" data-id=\"2817\">Publica\u021bii \u0219tiin\u021bifice<\/a> \u2013&nbsp;<a href=\"https:\/\/scholar.google.com\/citations?hl=ro&amp;user=JaWBT9kAAAAJ\">Google scholar<\/a><\/p>\n\n\n\n<p class=\"has-small-font-size\"><a href=\"https:\/\/biogeo.ubbcluj.ro\/gta\/wp-content\/uploads\/2026\/02\/Standarde-CNATDCU_abilitare_SDGTA_Tamas-CG.pdf\" data-type=\"attachment\" data-id=\"2819\">Standarde abilitare<\/a><\/p>\n<\/div>\n\n\n\n<hr class=\"wp-block-separator has-css-opacity aligncenter is-style-wide\"\/>\n\n\n\n<p class=\"has-medium-font-size\"><strong>Lector dr. <em>habil<\/em>. Dan-Mircea T\u0102MA\u0218<\/strong><\/p>\n\n\n\n<div class=\"wp-block-group is-vertical is-layout-flex wp-container-core-group-is-layout-8cf370e7 wp-block-group-is-layout-flex\">\n<div class=\"wp-block-group is-vertical is-layout-flex wp-container-core-group-is-layout-8cf370e7 wp-block-group-is-layout-flex\">\n<p class=\"has-small-font-size\">Babe\u015f-Bolyai University, Department of Geology and Center for Integrated Geological Studies<\/p>\n\n\n\n<p class=\"has-small-font-size\">Str. M. Kog\u0103lniceanu nr. 1, 400084 Cluj-Napoca, Romania<\/p>\n\n\n\n<p class=\"has-small-font-size\"><a rel=\"noreferrer noopener\" href=\"mailto:calin.tamas@ubbcluj.ro\" target=\"_blank\">E-mail<\/a><\/p>\n\n\n\n<p class=\"has-small-font-size\"><a href=\"https:\/\/biogeo.ubbcluj.ro\/gta\/wp-content\/uploads\/2026\/04\/TamasDM-Profil-stiintific.pdf\" data-type=\"attachment\" data-id=\"3293\">Profilul \u0219tiin\u021bific &#8211; Teme de cercetare<\/a><\/p>\n\n\n\n<p class=\"has-small-font-size\"><a href=\"https:\/\/biogeo.ubbcluj.ro\/gta\/wp-content\/uploads\/2026\/04\/TamasDM-CV.pdf\" data-type=\"attachment\" data-id=\"3290\">CV<\/a><\/p>\n\n\n\n<p class=\"has-small-font-size\"><a href=\"https:\/\/biogeo.ubbcluj.ro\/gta\/wp-content\/uploads\/2026\/04\/TamasDM-Lista-lucrari.pdf\" data-type=\"attachment\" data-id=\"3292\">Publica\u021bii \u0219tiin\u021bifice<\/a> \u2013\u00a0<a href=\"https:\/\/scholar.google.ca\/citations?hl=en&amp;user=Rgu6m70AAAAJ\">Google scholar<\/a><\/p>\n\n\n\n<p class=\"has-small-font-size\"><a href=\"https:\/\/biogeo.ubbcluj.ro\/gta\/wp-content\/uploads\/2026\/04\/TamasDM-Fisa-verificare-standarde-SDGTA.pdf\" data-type=\"attachment\" data-id=\"3291\">Standarde abilitare<\/a><\/p>\n<\/div>\n\n\n\n<hr class=\"wp-block-separator has-css-opacity aligncenter is-style-wide\"\/>\n<\/div>\n\n\n\n<hr class=\"wp-block-separator has-css-opacity is-style-wide\"\/>\n\n\n\n<h3 class=\"wp-block-heading has-text-align-center has-black-color has-white-background-color has-text-color has-background has-large-font-size\"><strong>Conduc\u0103tori de doctorat&nbsp;asocia\u021bi<\/strong><\/h3>\n\n\n\n<hr class=\"wp-block-separator has-css-opacity is-style-wide\"\/>\n\n\n\n<p class=\"has-medium-font-size\"><strong>Acad. Prof. Dr. Ioan I. BUCUR<\/strong> <\/p>\n\n\n<div class=\"wp-block-image\">\n<figure class=\"alignleft\"><img decoding=\"async\" src=\"https:\/\/biogeo.ubbcluj.ro\/gta\/wp-content\/uploads\/Bucur.jpg\" alt=\"bucur\" class=\"wp-image-166\"\/><\/figure><\/div>\n\n\n<div class=\"wp-block-group is-vertical is-layout-flex wp-container-core-group-is-layout-8cf370e7 wp-block-group-is-layout-flex\">\n<p class=\"has-small-font-size\">Babe\u015f-Bolyai University, Department of Geology and Center for Integrated Geological Studies<\/p>\n\n\n\n<p class=\"has-small-font-size\">Str. M. Kog\u0103lniceanu nr. 1, 400084 Cluj-Napoca, Romania<\/p>\n\n\n\n<p class=\"has-small-font-size\"><a rel=\"noreferrer noopener\" href=\"http:\/\/E-mail:\" target=\"_blank\">E-mail <\/a>  Tel.(phone) 0264-405371<\/p>\n\n\n\n<p class=\"has-small-font-size\"><a href=\"https:\/\/biogeo.ubbcluj.ro\/gta\/wp-content\/uploads\/2021\/10\/Bucur_Profil-stiintific-1.docx\" data-type=\"URL\" data-id=\"https:\/\/biogeo.ubbcluj.ro\/gta\/wp-content\/uploads\/2021\/10\/Bucur_Profil-stiintific-1.docx\" target=\"_blank\" rel=\"noreferrer noopener\">Scientific profile &#8211; <mark style=\"background-color:rgba(0, 0, 0, 0)\" class=\"has-inline-color has-vivid-cyan-blue-color\">Research topics<\/mark><\/a><\/p>\n\n\n\n<p class=\"has-small-font-size\"><a href=\"https:\/\/biogeo.ubbcluj.ro\/gta\/wp-content\/uploads\/2026\/01\/CURRICULUM-VITAE_Bucur.pdf\" data-type=\"attachment\" data-id=\"2655\">CV<\/a><\/p>\n\n\n\n<p class=\"has-small-font-size\"><a href=\"https:\/\/biogeo.ubbcluj.ro\/gta\/wp-content\/uploads\/2026\/01\/Publicatii_Bucur.pdf\" data-type=\"attachment\" data-id=\"2656\">Publica\u021bii \u0219tiin\u021bifice<\/a> &#8211; <a href=\"https:\/\/scholar.google.com\/citations?hl=ro&amp;user=mDmWjiIAAAAJ\">Google scholar<\/a><\/p>\n\n\n\n<p class=\"has-small-font-size\">Standarde abilitare<\/p>\n<\/div>\n\n\n\n<hr class=\"wp-block-separator has-css-opacity is-style-wide\"\/>\n\n\n\n<p class=\"has-medium-font-size\"><strong>Prof. Dr. Vlad CODREA<\/strong><\/p>\n\n\n<div class=\"wp-block-image\">\n<figure class=\"alignleft\"><img decoding=\"async\" src=\"https:\/\/biogeo.ubbcluj.ro\/gta\/wp-content\/uploads\/sites\/12\/2017\/07\/Codrea-11.jpg\" alt=\"codrea\" class=\"wp-image-79\"\/><\/figure><\/div>\n\n\n<div class=\"wp-block-group is-vertical is-layout-flex wp-container-core-group-is-layout-8cf370e7 wp-block-group-is-layout-flex\">\n<p class=\"has-small-font-size\">Babe\u015f-Bolyai University, Department of Geology and Center for Integrated Geological Studies<\/p>\n\n\n\n<p class=\"has-small-font-size\">Str. M. Kog\u0103lniceanu nr. 1, 400084 Cluj-Napoca, Romania<\/p>\n\n\n\n<p class=\"has-small-font-size\"><a href=\"mailto:vlad.codrea@ubbcluj.ro\" data-type=\"mailto\" target=\"_blank\" rel=\"noreferrer noopener\">E-mail<\/a><\/p>\n\n\n\n<p class=\"has-small-font-size\"><a rel=\"noreferrer noopener\" href=\"https:\/\/biogeo.ubbcluj.ro\/gta\/wp-content\/uploads\/2021\/10\/Codrea-Vlad-profil-stiintiific.docx\" data-type=\"URL\" data-id=\"https:\/\/biogeo.ubbcluj.ro\/gta\/wp-content\/uploads\/2021\/10\/Codrea-Vlad-profil-stiintiific.docx\" target=\"_blank\">Scientific profil &#8211; Research topics<\/a><\/p>\n\n\n\n<p class=\"has-small-font-size\"><a href=\"https:\/\/biogeo.ubbcluj.ro\/gta\/wp-content\/uploads\/2026\/02\/EU_CV_Codrea-Vlad-2026.pdf\" data-type=\"attachment\" data-id=\"2809\">CV<\/a><\/p>\n\n\n\n<p class=\"has-small-font-size\"><a href=\"https:\/\/biogeo.ubbcluj.ro\/gta\/wp-content\/uploads\/2026\/02\/LIST-OF-PUBLICATIONS-Vlad-Codrea-2026.pdf\" data-type=\"attachment\" data-id=\"2812\">Publica\u021bii \u0219tiin\u021bifice<\/a> &#8211; <a href=\"https:\/\/scholar.google.com\/citations?hl=ro&amp;user=EP5zFmcAAAAJ\">Google scholar<\/a><\/p>\n\n\n\n<p class=\"has-small-font-size\"><a href=\"https:\/\/biogeo.ubbcluj.ro\/gta\/wp-content\/uploads\/2026\/02\/Fisa-verificare-a-indeplinirii-standardelor-CNATDCU_abilitare_SDGTA-Codrea.pdf\" data-type=\"attachment\" data-id=\"2811\">Standarde abilitare<\/a><\/p>\n<\/div>\n\n\n\n<hr class=\"wp-block-separator has-css-opacity is-style-wide\"\/>\n\n\n\n<p class=\"has-medium-font-size\"><strong>Prof. Dr. Sorin FILIPESCU<\/strong><\/p>\n\n\n<div class=\"wp-block-image\">\n<figure class=\"alignleft\"><img decoding=\"async\" src=\"https:\/\/biogeo.ubbcluj.ro\/gta\/wp-content\/uploads\/Filipescu.jpg\" alt=\"filipescu\" class=\"wp-image-167\"\/><\/figure><\/div>\n\n\n<div class=\"wp-block-group is-vertical is-layout-flex wp-container-core-group-is-layout-8cf370e7 wp-block-group-is-layout-flex\">\n<p class=\"has-small-font-size\">Babe\u015f-Bolyai University, Department of Geology and Center for Integrated Geological Studies<\/p>\n\n\n\n<p class=\"has-small-font-size\">Str. M. Kog\u0103lniceanu nr. 1, 400084 Cluj-Napoca, Romania<\/p>\n\n\n\n<p class=\"has-small-font-size\"><a rel=\"noreferrer noopener\" href=\"mailto:sorin.filipescu@ubbcluj.ro\" data-type=\"mailto\" data-id=\"mailto:sorin.filipescu@ubbcluj.ro\" target=\"_blank\">E-mail<\/a> &#8211; <a rel=\"noreferrer noopener\" href=\"https:\/\/biogeo.ubbcluj.ro\/gta\/?page_id=140\" target=\"_blank\">web<\/a><\/p>\n\n\n\n<p class=\"has-small-font-size\"><mark style=\"background-color:rgba(0, 0, 0, 0)\" class=\"has-inline-color has-vivid-purple-color\"><a rel=\"noreferrer noopener\" href=\"https:\/\/biogeo.ubbcluj.ro\/gta\/wp-content\/uploads\/2021\/10\/Filipescu-Sorin_Profilul-s\u0326tiint\u0327ific-3.docx\" data-type=\"URL\" data-id=\"https:\/\/biogeo.ubbcluj.ro\/gta\/wp-content\/uploads\/2021\/10\/Filipescu-Sorin_Profilul-s\u0326tiint\u0327ific-3.docx\" target=\"_blank\"><\/a><a href=\"http:\/\/biogeo.ubbcluj.ro\/gta\/wp-content\/uploads\/2021\/10\/Filipescu-Sorin_Profilul-s\u0326tiint\u0327ific-3.docx\" data-type=\"URL\" data-id=\"biogeo.ubbcluj.ro\/gta\/wp-content\/uploads\/2021\/10\/Filipescu-Sorin_Profilul-s\u0326tiint\u0327ific-3.docx\">Profilul \u0219tiin\u021bific &#8211; Teme de cercetare<\/a><\/mark><\/p>\n\n\n\n<p class=\"has-small-font-size\"><a href=\"https:\/\/biogeo.ubbcluj.ro\/gta\/wp-content\/uploads\/2026\/01\/CV_Filipescu.pdf\" data-type=\"attachment\" data-id=\"2649\">CV<\/a><\/p>\n\n\n\n<p class=\"has-small-font-size\"><a href=\"https:\/\/biogeo.ubbcluj.ro\/gta\/wp-content\/uploads\/2026\/01\/Lucrari_Filipescu.pdf\" data-type=\"attachment\" data-id=\"2650\">Publica\u021bii \u0219tiin\u021bifice<\/a> &#8211; <a href=\"https:\/\/scholar.google.com\/citations?hl=ro&amp;user=WXnbjucAAAAJ\">Google scholar<\/a><\/p>\n\n\n\n<p class=\"has-small-font-size\"><a href=\"https:\/\/biogeo.ubbcluj.ro\/gta\/wp-content\/uploads\/2026\/01\/Fisa-verificare-Filipescu.pdf\" data-type=\"attachment\" data-id=\"2651\">Standarde abilitare<\/a><\/p>\n<\/div>\n\n\n\n<hr class=\"wp-block-separator has-css-opacity is-style-wide\"\/>\n\n\n\n<p class=\"has-text-align-center has-large-font-size\"><strong>Profesori asocia\u021bi<\/strong><\/p>\n\n\n\n<hr class=\"wp-block-separator has-css-opacity is-style-wide\"\/>\n\n\n\n<div class=\"wp-block-group is-vertical is-layout-flex wp-container-core-group-is-layout-8cf370e7 wp-block-group-is-layout-flex\">\n<p><strong>Prof. dr. Bogdan P. ONAC<\/strong> &#8211; <a href=\"https:\/\/www.usf.edu\/arts-sciences\/departments\/geosciences\/people\/faculty\/petroniu-bogdan-onac.aspx\">School of Geosciences, University of South Florida, USA<\/a><\/p>\n\n\n\n<p><a href=\"https:\/\/biogeo.ubbcluj.ro\/gta\/wp-content\/uploads\/2021\/10\/Onac-Bogdan_profil-stiintiific.docx\" data-type=\"URL\" target=\"_blank\" rel=\"noreferrer noopener\">Scientific profil &#8211; Research topics<\/a><\/p>\n\n\n\n<p><img decoding=\"async\" class=\"wp-image-320\" style=\"width: NaNpx;\" src=\"https:\/\/biogeo.ubbcluj.ro\/gta\/wp-content\/uploads\/2021\/10\/Onac-Bogdan_profil-stiintiific.docx\" alt=\"\"><a href=\"https:\/\/scholar.google.com\/citations?user=W5hH5oMAAAAJ&amp;hl=en\">Google Scholar<\/a><\/p>\n<\/div>\n\n\n\n<p><\/p>\n","protected":false},"excerpt":{"rendered":"<p>Conduc\u0103tori de doctorat titulari Prof. dr. habil. Ioan TAN\u021a\u0102U (Director) Babe\u015f-Bolyai University, Department of Geology and Center for Integrated Geological Studies Str. M. Kog\u0103lniceanu nr. 1, 400084 Cluj-Napoca, Romania E-mail: ioan.tantau@ubbcluj.ro Profil \u0219tiin\u021bific &#8211; Teme de cercetare CV Publica\u021bii \u0219tiin\u021bifice &#8211; Google scholar Standarde abilitare Conf. dr. habil. Ferenc FORRAY&hellip;<\/p>\n","protected":false},"author":1,"featured_media":0,"parent":0,"menu_order":0,"comment_status":"closed","ping_status":"closed","template":"fullwidth-template.php","meta":{"footnotes":""},"class_list":["post-35","page","type-page","status-publish","hentry"],"_links":{"self":[{"href":"https:\/\/biogeo.ubbcluj.ro\/gta\/index.php?rest_route=\/wp\/v2\/pages\/35","targetHints":{"allow":["GET"]}}],"collection":[{"href":"https:\/\/biogeo.ubbcluj.ro\/gta\/index.php?rest_route=\/wp\/v2\/pages"}],"about":[{"href":"https:\/\/biogeo.ubbcluj.ro\/gta\/index.php?rest_route=\/wp\/v2\/types\/page"}],"author":[{"embeddable":true,"href":"https:\/\/biogeo.ubbcluj.ro\/gta\/index.php?rest_route=\/wp\/v2\/users\/1"}],"replies":[{"embeddable":true,"href":"https:\/\/biogeo.ubbcluj.ro\/gta\/index.php?rest_route=%2Fwp%2Fv2%2Fcomments&post=35"}],"version-history":[{"count":132,"href":"https:\/\/biogeo.ubbcluj.ro\/gta\/index.php?rest_route=\/wp\/v2\/pages\/35\/revisions"}],"predecessor-version":[{"id":3301,"href":"https:\/\/biogeo.ubbcluj.ro\/gta\/index.php?rest_route=\/wp\/v2\/pages\/35\/revisions\/3301"}],"wp:attachment":[{"href":"https:\/\/biogeo.ubbcluj.ro\/gta\/index.php?rest_route=%2Fwp%2Fv2%2Fmedia&parent=35"}],"curies":[{"name":"wp","href":"https:\/\/api.w.org\/{rel}","templated":true}]}}