{"id":29,"date":"2021-04-22T07:25:02","date_gmt":"2021-04-22T07:25:02","guid":{"rendered":"https:\/\/biogeo.ubbcluj.ro\/gta\/?page_id=29"},"modified":"2025-03-14T07:42:47","modified_gmt":"2025-03-14T07:42:47","slug":"contact","status":"publish","type":"page","link":"https:\/\/biogeo.ubbcluj.ro\/gta\/?page_id=29","title":{"rendered":"Contact"},"content":{"rendered":"\n<p><\/p>\n\n\n\n<h3 class=\"wp-block-heading\">Contact:<\/h3>\n\n\n\n<p><\/p>\n\n\n\n<p><strong>Prof. dr. habil. Ioan Tan\u0163\u0103u<\/strong>&nbsp;<\/p>\n\n\n\n<p><em>Director \u0218coala doctoral\u0103 de Geologie Teoretic\u0103 \u0219i Aplicat\u0103<\/em><\/p>\n\n\n\n<p><\/p>\n\n\n\n<p><strong>CS3 Liana S\u0103s\u0103ran<\/strong><\/p>\n\n\n\n<p><em>Secretar<\/em><\/p>\n\n\n\n<p>e-mail: <a href=\"mailto:sdgeologie.biogeo@ubbcluj.ro\">sdgeologie.biogeo@ubbcluj.ro<\/a><\/p>\n\n\n\n<p>Departamentul de Geologie, Universitatea Babe\u0219-Bolyai<\/p>\n\n\n\n<p>Str. Mihail Kog\u0103lniceanu 1<\/p>\n\n\n\n<p>400084 Cluj-Napoca, Romania<\/p>\n","protected":false},"excerpt":{"rendered":"<p>Contact: Prof. dr. habil. Ioan Tan\u0163\u0103u&nbsp; Director \u0218coala doctoral\u0103 de Geologie Teoretic\u0103 \u0219i Aplicat\u0103 CS3 Liana S\u0103s\u0103ran Secretar e-mail: sdgeologie.biogeo@ubbcluj.ro Departamentul de Geologie, Universitatea Babe\u0219-Bolyai Str. Mihail Kog\u0103lniceanu 1 400084 Cluj-Napoca, Romania<\/p>\n","protected":false},"author":1,"featured_media":0,"parent":0,"menu_order":0,"comment_status":"closed","ping_status":"closed","template":"fullwidth-template.php","meta":{"footnotes":""},"class_list":["post-29","page","type-page","status-publish","hentry"],"_links":{"self":[{"href":"https:\/\/biogeo.ubbcluj.ro\/gta\/index.php?rest_route=\/wp\/v2\/pages\/29","targetHints":{"allow":["GET"]}}],"collection":[{"href":"https:\/\/biogeo.ubbcluj.ro\/gta\/index.php?rest_route=\/wp\/v2\/pages"}],"about":[{"href":"https:\/\/biogeo.ubbcluj.ro\/gta\/index.php?rest_route=\/wp\/v2\/types\/page"}],"author":[{"embeddable":true,"href":"https:\/\/biogeo.ubbcluj.ro\/gta\/index.php?rest_route=\/wp\/v2\/users\/1"}],"replies":[{"embeddable":true,"href":"https:\/\/biogeo.ubbcluj.ro\/gta\/index.php?rest_route=%2Fwp%2Fv2%2Fcomments&post=29"}],"version-history":[{"count":16,"href":"https:\/\/biogeo.ubbcluj.ro\/gta\/index.php?rest_route=\/wp\/v2\/pages\/29\/revisions"}],"predecessor-version":[{"id":2144,"href":"https:\/\/biogeo.ubbcluj.ro\/gta\/index.php?rest_route=\/wp\/v2\/pages\/29\/revisions\/2144"}],"wp:attachment":[{"href":"https:\/\/biogeo.ubbcluj.ro\/gta\/index.php?rest_route=%2Fwp%2Fv2%2Fmedia&parent=29"}],"curies":[{"name":"wp","href":"https:\/\/api.w.org\/{rel}","templated":true}]}}