{"id":158,"date":"2021-05-19T09:34:21","date_gmt":"2021-05-19T09:34:21","guid":{"rendered":"https:\/\/biogeo.ubbcluj.ro\/gta\/?page_id=158"},"modified":"2026-02-17T16:49:50","modified_gmt":"2026-02-17T16:49:50","slug":"studenti-doctoranzi","status":"publish","type":"page","link":"https:\/\/biogeo.ubbcluj.ro\/gta\/?page_id=158","title":{"rendered":"Studen\u021bi doctoranzi"},"content":{"rendered":"\n<p class=\"has-medium-font-size\"><a href=\"https:\/\/biogeo.ubbcluj.ro\/gta\/?page_id=2845\" data-type=\"page\" data-id=\"2845\"><strong>Comisii de \u00eendrumare si integritate academica<\/strong><\/a><\/p>\n\n\n\n<p class=\"has-text-align-left\" style=\"font-size:18px\"><strong><a href=\"https:\/\/biogeo.ubbcluj.ro\/gta\/wp-content\/uploads\/2026\/02\/Lista-publicatii-2020-2025-doctoranzi.pdf\" data-type=\"attachment\" data-id=\"2826\">Lista publica\u021bii 2020-2025<\/a><\/strong><\/p>\n\n\n\n<p style=\"font-size:18px\"><a href=\"https:\/\/biogeo.ubbcluj.ro\/gta\/wp-content\/uploads\/2026\/02\/Participari-conferinte.pdf\" data-type=\"attachment\" data-id=\"3100\"><strong>Particip\u0103ri conferin\u021be\/simpozioane<\/strong><\/a><\/p>\n\n\n\n<hr class=\"wp-block-separator has-css-opacity alignwide is-style-wide\"\/>\n\n\n\n<p style=\"font-size:20px\"><strong>Doctoranzi \u00een stagiu<\/strong><\/p>\n\n\n\n<div class=\"wp-block-group\"><div class=\"wp-block-group__inner-container is-layout-constrained wp-block-group-is-layout-constrained\">\n<div class=\"wp-block-group is-vertical is-layout-flex wp-container-core-group-is-layout-8cf370e7 wp-block-group-is-layout-flex\">\n<p><strong>Annamaria HEGEDUS<\/strong><\/p>\n\n\n\n<div class=\"wp-block-group is-nowrap is-layout-flex wp-container-core-group-is-layout-ad2f72ca wp-block-group-is-layout-flex\">\n<p class=\"has-small-font-size\"><img loading=\"lazy\" decoding=\"async\" width=\"150\" height=\"150\" class=\"wp-image-2674\" style=\"width: 150px;\" src=\"https:\/\/biogeo.ubbcluj.ro\/gta\/wp-content\/uploads\/2026\/01\/Hegedus_Annamaria_Rakhel_ING.GEO2_-526x526-1.jpg\" alt=\"\" srcset=\"https:\/\/biogeo.ubbcluj.ro\/gta\/wp-content\/uploads\/2026\/01\/Hegedus_Annamaria_Rakhel_ING.GEO2_-526x526-1.jpg 526w, https:\/\/biogeo.ubbcluj.ro\/gta\/wp-content\/uploads\/2026\/01\/Hegedus_Annamaria_Rakhel_ING.GEO2_-526x526-1-300x300.jpg 300w, https:\/\/biogeo.ubbcluj.ro\/gta\/wp-content\/uploads\/2026\/01\/Hegedus_Annamaria_Rakhel_ING.GEO2_-526x526-1-150x150.jpg 150w, https:\/\/biogeo.ubbcluj.ro\/gta\/wp-content\/uploads\/2026\/01\/Hegedus_Annamaria_Rakhel_ING.GEO2_-526x526-1-450x450.jpg 450w\" sizes=\"auto, (max-width: 150px) 100vw, 150px\" \/><\/p>\n\n\n\n<div class=\"wp-block-group is-vertical is-layout-flex wp-container-core-group-is-layout-8cf370e7 wp-block-group-is-layout-flex\">\n<p style=\"font-size:15px\">Conduc\u0103tor de doctorat: <a href=\"https:\/\/biogeo.ubbcluj.ro\/gta\/wp-content\/uploads\/2026\/01\/Tantau-Ioan_CV.pdf\">Prof. dr. habil. Ioan Tan\u021b\u0103u<\/a><\/p>\n\n\n\n<p style=\"font-size:15px\">Anul \u00eenmatricul\u0103rii: 2025<\/p>\n\n\n\n<p style=\"font-size:15px\">Tematica: Paleomedii mezozoice\/Biostratigrafie aplicata<\/p>\n\n\n\n<p style=\"font-size:15px\">e-mail: annamaria.hegedus@ubbcluj.ro<\/p>\n<\/div>\n<\/div>\n<\/div>\n<\/div><\/div>\n\n\n\n<hr class=\"wp-block-separator has-css-opacity alignwide is-style-wide\"\/>\n\n\n\n<div class=\"wp-block-group is-vertical is-layout-flex wp-container-core-group-is-layout-8cf370e7 wp-block-group-is-layout-flex\">\n<p><strong>Alexandru CIUCLEA<\/strong><\/p>\n\n\n\n<div class=\"wp-block-group is-vertical is-layout-flex wp-container-core-group-is-layout-8cf370e7 wp-block-group-is-layout-flex\">\n<p style=\"font-size:15px\">Conduc\u0103tor de doctorat: <a href=\"https:\/\/biogeo.ubbcluj.ro\/gta\/wp-content\/uploads\/2026\/01\/Tantau-Ioan_CV.pdf\">Prof. dr. habil. Ioan Tan\u021b\u0103u<\/a><\/p>\n\n\n\n<p style=\"font-size:15px\">Anul \u00eenmatricul\u0103rii: 2025<\/p>\n\n\n\n<p style=\"font-size:15px\">Tematica: Paleomedii paleozoice si mezozoice\/Geologie regionala<\/p>\n\n\n\n<p style=\"font-size:15px\">e-mail: alexandru.ciuclea@ubbcluj.ro<\/p>\n<\/div>\n<\/div>\n\n\n\n<hr class=\"wp-block-separator has-css-opacity alignwide is-style-wide\"\/>\n\n\n\n<div class=\"wp-block-group\"><div class=\"wp-block-group__inner-container is-layout-constrained wp-block-group-is-layout-constrained\">\n<div class=\"wp-block-group is-vertical is-layout-flex wp-container-core-group-is-layout-8cf370e7 wp-block-group-is-layout-flex\">\n<p><strong>Marian BORDEIANU<\/strong><\/p>\n\n\n\n<div class=\"wp-block-group is-nowrap is-layout-flex wp-container-core-group-is-layout-ad2f72ca wp-block-group-is-layout-flex\">\n<figure class=\"wp-block-image size-full is-resized\"><img loading=\"lazy\" decoding=\"async\" width=\"128\" height=\"128\" src=\"https:\/\/biogeo.ubbcluj.ro\/gta\/wp-content\/uploads\/2026\/01\/Marian-Bordeianu.webp\" alt=\"\" class=\"wp-image-2671\" style=\"width:180px;height:auto\"\/><\/figure>\n\n\n\n<div class=\"wp-block-group is-vertical is-layout-flex wp-container-core-group-is-layout-8cf370e7 wp-block-group-is-layout-flex\">\n<p style=\"font-size:15px\">Conduc\u0103tor de doctorat: <a href=\"https:\/\/biogeo.ubbcluj.ro\/gta\/wp-content\/uploads\/2026\/02\/EU_CV_Codrea-Vlad-2026.pdf\">Prof. dr. Vlad Codrea<\/a><\/p>\n\n\n\n<p style=\"font-size:15px\">Anul \u00eenmatricul\u0103rii: 2025<\/p>\n\n\n\n<p style=\"font-size:15px\">Tematica: Paleontologia vertebratelor<\/p>\n\n\n\n<p style=\"font-size:15px\">e-mail: marian.bordeianu@ubbcluj.ro<\/p>\n<\/div>\n<\/div>\n<\/div>\n<\/div><\/div>\n\n\n\n<hr class=\"wp-block-separator has-css-opacity alignwide is-style-wide\"\/>\n\n\n\n<div class=\"wp-block-group\"><div class=\"wp-block-group__inner-container is-layout-constrained wp-block-group-is-layout-constrained\">\n<div class=\"wp-block-group alignwide\"><div class=\"wp-block-group__inner-container is-layout-constrained wp-block-group-is-layout-constrained\">\n<div class=\"wp-block-group is-vertical is-layout-flex wp-container-core-group-is-layout-8cf370e7 wp-block-group-is-layout-flex\">\n<p><strong>Anna-Reka<\/strong> <strong>KICSI<\/strong><\/p>\n\n\n\n<div class=\"wp-block-group is-vertical is-layout-flex wp-container-core-group-is-layout-8cf370e7 wp-block-group-is-layout-flex\">\n<figure class=\"wp-block-image size-full is-resized\"><img loading=\"lazy\" decoding=\"async\" width=\"512\" height=\"512\" src=\"https:\/\/biogeo.ubbcluj.ro\/gta\/wp-content\/uploads\/2026\/01\/Anna-Kicsi.webp\" alt=\"\" class=\"wp-image-2658\" style=\"aspect-ratio:3\/4;object-fit:cover;width:171px;height:auto\" srcset=\"https:\/\/biogeo.ubbcluj.ro\/gta\/wp-content\/uploads\/2026\/01\/Anna-Kicsi.webp 512w, https:\/\/biogeo.ubbcluj.ro\/gta\/wp-content\/uploads\/2026\/01\/Anna-Kicsi-300x300.webp 300w, https:\/\/biogeo.ubbcluj.ro\/gta\/wp-content\/uploads\/2026\/01\/Anna-Kicsi-150x150.webp 150w, https:\/\/biogeo.ubbcluj.ro\/gta\/wp-content\/uploads\/2026\/01\/Anna-Kicsi-450x450.webp 450w\" sizes=\"auto, (max-width: 512px) 100vw, 512px\" \/><\/figure>\n\n\n\n<div class=\"wp-block-group is-nowrap is-layout-flex wp-container-core-group-is-layout-ad2f72ca wp-block-group-is-layout-flex\">\n<p style=\"font-size:15px\">Conduc\u0103tori de doctorat: <a href=\"https:\/\/biogeo.ubbcluj.ro\/gta\/wp-content\/uploads\/2026\/01\/Tantau-Ioan_CV.pdf\" data-type=\"attachment\" data-id=\"2571\">Prof. dr. habil. Ioan Tan\u021b\u0103u<\/a> (UBB) \/ <a href=\"https:\/\/ttk.elte.hu\/en\/staff\/jozsef-palfy\">Dr. J\u00f3zsef P\u00e1lfy <\/a>(E\u00f6tv\u00f6s Lor\u00e1nd University, Budapest)<\/p>\n<\/div>\n\n\n\n<p style=\"font-size:15px\">Anul \u00eenmatricul\u0103rii: 2024<\/p>\n\n\n\n<p style=\"font-size:15px\">Tematica: Paleomedii cenozoice\/Micropaleontologie, foraminifere<\/p>\n\n\n\n<p style=\"font-size:15px\">e-mail: anna.kicsi@ubbcluj.ro<\/p>\n<\/div>\n<\/div>\n<\/div><\/div>\n<\/div><\/div>\n\n\n\n<hr class=\"wp-block-separator has-css-opacity alignwide is-style-wide\"\/>\n\n\n\n<div class=\"wp-block-group is-vertical is-layout-flex wp-container-core-group-is-layout-8cf370e7 wp-block-group-is-layout-flex\">\n<p><strong>Agnes<\/strong> <strong>RUSKAL<\/strong><\/p>\n\n\n\n<div class=\"wp-block-group is-nowrap is-layout-flex wp-container-core-group-is-layout-ad2f72ca wp-block-group-is-layout-flex\">\n<div class=\"wp-block-group is-vertical is-layout-flex wp-container-core-group-is-layout-8cf370e7 wp-block-group-is-layout-flex\">\n<div class=\"wp-block-group is-nowrap is-layout-flex wp-container-core-group-is-layout-ad2f72ca wp-block-group-is-layout-flex\">\n<div class=\"wp-block-group is-vertical is-layout-flex wp-container-core-group-is-layout-8cf370e7 wp-block-group-is-layout-flex\">\n<div class=\"wp-block-group is-nowrap is-layout-flex wp-container-core-group-is-layout-ad2f72ca wp-block-group-is-layout-flex\">\n<figure class=\"wp-block-image size-medium is-resized\"><img loading=\"lazy\" decoding=\"async\" width=\"300\" height=\"200\" src=\"https:\/\/biogeo.ubbcluj.ro\/gta\/wp-content\/uploads\/2024\/07\/Agnes-Ruskal_an-2-2-300x200.jpg\" alt=\"\" class=\"wp-image-1984\" style=\"aspect-ratio:0.75;object-fit:cover;width:169px;height:auto\" srcset=\"https:\/\/biogeo.ubbcluj.ro\/gta\/wp-content\/uploads\/2024\/07\/Agnes-Ruskal_an-2-2-300x200.jpg 300w, https:\/\/biogeo.ubbcluj.ro\/gta\/wp-content\/uploads\/2024\/07\/Agnes-Ruskal_an-2-2-1024x683.jpg 1024w, https:\/\/biogeo.ubbcluj.ro\/gta\/wp-content\/uploads\/2024\/07\/Agnes-Ruskal_an-2-2-768x512.jpg 768w, https:\/\/biogeo.ubbcluj.ro\/gta\/wp-content\/uploads\/2024\/07\/Agnes-Ruskal_an-2-2-1536x1024.jpg 1536w, https:\/\/biogeo.ubbcluj.ro\/gta\/wp-content\/uploads\/2024\/07\/Agnes-Ruskal_an-2-2.jpg 2048w\" sizes=\"auto, (max-width: 300px) 100vw, 300px\" \/><\/figure>\n\n\n\n<div class=\"wp-block-group is-vertical is-layout-flex wp-container-core-group-is-layout-8cf370e7 wp-block-group-is-layout-flex\">\n<p style=\"font-size:15px\">Conduc\u0103tor de doctorat: <a href=\"https:\/\/biogeo.ubbcluj.ro\/gta\/wp-content\/uploads\/2026\/01\/Tantau-Ioan_CV.pdf\">Prof. dr. habil. Ioan Tan\u021b\u0103u<\/a><\/p>\n\n\n\n<p style=\"font-size:15px\">Anul \u00eenmatricul\u0103rii: 2022<\/p>\n\n\n\n<p style=\"font-size:15px\">Tematica: Paleomedii cuaternare\/Amibe cu test<\/p>\n\n\n\n<p style=\"font-size:15px\">e-mail: agnes.ruskal@ubbcluj.ro<\/p>\n<\/div>\n<\/div>\n<\/div>\n<\/div>\n<\/div>\n<\/div>\n<\/div>\n\n\n\n<hr class=\"wp-block-separator has-css-opacity alignwide is-style-wide\"\/>\n\n\n\n<div class=\"wp-block-group is-vertical is-layout-flex wp-container-core-group-is-layout-8cf370e7 wp-block-group-is-layout-flex\">\n<p><strong>Reka<\/strong> <strong>SZALAY<\/strong><\/p>\n\n\n\n<div class=\"wp-block-group is-nowrap is-layout-flex wp-container-core-group-is-layout-ad2f72ca wp-block-group-is-layout-flex\">\n<figure class=\"wp-block-image size-large is-resized\"><img loading=\"lazy\" decoding=\"async\" width=\"768\" height=\"1024\" src=\"https:\/\/biogeo.ubbcluj.ro\/gta\/wp-content\/uploads\/2024\/07\/Roland-Szalay_an-2-768x1024.jpg\" alt=\"\" class=\"wp-image-1958\" style=\"aspect-ratio:0.7521008403361344;width:156px;height:auto\" srcset=\"https:\/\/biogeo.ubbcluj.ro\/gta\/wp-content\/uploads\/2024\/07\/Roland-Szalay_an-2-768x1024.jpg 768w, https:\/\/biogeo.ubbcluj.ro\/gta\/wp-content\/uploads\/2024\/07\/Roland-Szalay_an-2-225x300.jpg 225w, https:\/\/biogeo.ubbcluj.ro\/gta\/wp-content\/uploads\/2024\/07\/Roland-Szalay_an-2-1152x1536.jpg 1152w, https:\/\/biogeo.ubbcluj.ro\/gta\/wp-content\/uploads\/2024\/07\/Roland-Szalay_an-2-1536x2048.jpg 1536w, https:\/\/biogeo.ubbcluj.ro\/gta\/wp-content\/uploads\/2024\/07\/Roland-Szalay_an-2-scaled.jpg 1920w\" sizes=\"auto, (max-width: 768px) 100vw, 768px\" \/><\/figure>\n\n\n\n<div class=\"wp-block-group\"><div class=\"wp-block-group__inner-container is-layout-constrained wp-block-group-is-layout-constrained\">\n<div class=\"wp-block-group is-vertical is-layout-flex wp-container-core-group-is-layout-8cf370e7 wp-block-group-is-layout-flex\">\n<p style=\"font-size:15px\">Conduc\u0103tor de doctorat: <a href=\"https:\/\/biogeo.ubbcluj.ro\/gta\/wp-content\/uploads\/2026\/01\/CV_Filipescu.pdf\">Prof. dr. Sorin Filipescu<\/a><\/p>\n\n\n\n<p style=\"font-size:15px\">Anul \u00eenmatricul\u0103rii: 2022<\/p>\n\n\n\n<p style=\"font-size:15px\">Tematica: Geochimie<\/p>\n\n\n\n<p style=\"font-size:15px\">e-mail: roland.szalay@ubbcluj.ro<\/p>\n<\/div>\n<\/div><\/div>\n<\/div>\n<\/div>\n\n\n\n<hr class=\"wp-block-separator has-css-opacity alignwide is-style-wide\"\/>\n\n\n\n<p style=\"font-size:20px\"><strong>Doctoranzi care au finalizat stagiul<\/strong> (in prelungire)<\/p>\n\n\n\n<hr class=\"wp-block-separator has-alpha-channel-opacity is-style-wide\"\/>\n\n\n<div class=\"wp-block-image\">\n<figure class=\"alignleft size-large is-resized\"><img loading=\"lazy\" decoding=\"async\" width=\"226\" height=\"264\" src=\"https:\/\/biogeo.ubbcluj.ro\/gta\/wp-content\/uploads\/2021\/10\/COPOT_BIANCA.png\" alt=\"\" class=\"wp-image-258\" style=\"aspect-ratio:0.75;object-fit:cover;width:133px;height:auto\"\/><\/figure><\/div>\n\n\n<div class=\"wp-block-group\"><div class=\"wp-block-group__inner-container is-layout-flow wp-block-group-is-layout-flow\">\n<div class=\"wp-block-group is-vertical is-layout-flex wp-container-core-group-is-layout-8cf370e7 wp-block-group-is-layout-flex\">\n<p><strong>Bianca COPO\u021a<\/strong><\/p>\n\n\n\n<div class=\"wp-block-group is-vertical is-layout-flex wp-container-core-group-is-layout-8cf370e7 wp-block-group-is-layout-flex\">\n<p style=\"font-size:15px\">Conduc\u0103tor de doctorat: <a href=\"https:\/\/biogeo.ubbcluj.ro\/gta\/wp-content\/uploads\/2026\/01\/CV_Filipescu.pdf\">Prof. dr. Sorin Filipescu<\/a><\/p>\n\n\n\n<p style=\"font-size:15px\">Anul \u00eenmatricul\u0103rii: 2021 <\/p>\n\n\n\n<p style=\"font-size:15px\">Tematica: Geologie structural\u0103 \u0219i modelare analogic\u0103<\/p>\n\n\n\n<p style=\"font-size:15px\"> e-mail: bianca.copot@ubbcluj.ro<\/p>\n<\/div>\n<\/div>\n\n\n\n<hr class=\"wp-block-separator has-css-opacity alignwide is-style-wide\"\/>\n\n\n<div class=\"wp-block-image\">\n<figure class=\"alignleft size-large is-resized\"><img loading=\"lazy\" decoding=\"async\" width=\"261\" height=\"341\" src=\"https:\/\/biogeo.ubbcluj.ro\/gta\/wp-content\/uploads\/2021\/10\/CERCHIA_CORNELIU.png\" alt=\"\" class=\"wp-image-259\" style=\"aspect-ratio:0.8333333333333334;width:163px;height:auto\" srcset=\"https:\/\/biogeo.ubbcluj.ro\/gta\/wp-content\/uploads\/2021\/10\/CERCHIA_CORNELIU.png 261w, https:\/\/biogeo.ubbcluj.ro\/gta\/wp-content\/uploads\/2021\/10\/CERCHIA_CORNELIU-230x300.png 230w\" sizes=\"auto, (max-width: 261px) 100vw, 261px\" \/><\/figure><\/div>\n\n\n<p><strong>Cornel CERCHIA<\/strong><\/p>\n\n\n\n<div class=\"wp-block-group is-vertical is-layout-flex wp-container-core-group-is-layout-8cf370e7 wp-block-group-is-layout-flex\">\n<p style=\"font-size:15px\">Conduc\u0103tor de doctorat: <a href=\"https:\/\/biogeo.ubbcluj.ro\/gta\/wp-content\/uploads\/2026\/02\/EU_CV_Codrea-Vlad-2026.pdf\">Prof. dr. Vlad Codrea<\/a><\/p>\n\n\n\n<p style=\"font-size:15px\">Anul \u00eenmatricul\u0103rii: 2021 <\/p>\n\n\n\n<p style=\"font-size:15px\">Tematica: Paleomedii cretacice\/Sedimentologie<\/p>\n\n\n\n<p style=\"font-size:15px\">e-mail: cerchiacorneliu@gmail.com<\/p>\n<\/div>\n\n\n\n<hr class=\"wp-block-separator has-css-opacity alignwide is-style-wide\"\/>\n\n\n<div class=\"wp-block-image\">\n<figure class=\"alignleft size-large is-resized\"><img loading=\"lazy\" decoding=\"async\" width=\"768\" height=\"1024\" src=\"https:\/\/biogeo.ubbcluj.ro\/gta\/wp-content\/uploads\/2024\/07\/Crisan-Ionut_an-3-768x1024.jpg\" alt=\"\" class=\"wp-image-1992\" style=\"aspect-ratio:0.7523364485981309;width:145px;height:auto\" srcset=\"https:\/\/biogeo.ubbcluj.ro\/gta\/wp-content\/uploads\/2024\/07\/Crisan-Ionut_an-3-768x1024.jpg 768w, https:\/\/biogeo.ubbcluj.ro\/gta\/wp-content\/uploads\/2024\/07\/Crisan-Ionut_an-3-225x300.jpg 225w, https:\/\/biogeo.ubbcluj.ro\/gta\/wp-content\/uploads\/2024\/07\/Crisan-Ionut_an-3-1152x1536.jpg 1152w, https:\/\/biogeo.ubbcluj.ro\/gta\/wp-content\/uploads\/2024\/07\/Crisan-Ionut_an-3-1536x2048.jpg 1536w, https:\/\/biogeo.ubbcluj.ro\/gta\/wp-content\/uploads\/2024\/07\/Crisan-Ionut_an-3-scaled.jpg 1920w\" sizes=\"auto, (max-width: 768px) 100vw, 768px\" \/><\/figure><\/div>\n\n\n<p><strong>Ionu\u021b Gheorghe CRI\u0218AN<\/strong><\/p>\n\n\n\n<div class=\"wp-block-group is-vertical is-layout-flex wp-container-core-group-is-layout-8cf370e7 wp-block-group-is-layout-flex\">\n<p style=\"font-size:15px\">Conduc\u0103tor de doctorat: <a href=\"https:\/\/biogeo.ubbcluj.ro\/gta\/wp-content\/uploads\/2026\/02\/CV_Tamas-CG_Engl.pdf\">Conf. dr. habil. C\u0103lin T\u0103ma\u0219<\/a><\/p>\n\n\n\n<p style=\"font-size:15px\">Anul \u00eenmatricul\u0103rii: 2021 <\/p>\n\n\n\n<p style=\"font-size:15px\">Tematica: Resurse minerale<\/p>\n\n\n\n<p style=\"font-size:15px\">e-mail: ioan.crisan1@ubbcluj.ro<\/p>\n<\/div>\n\n\n\n<hr class=\"wp-block-separator has-css-opacity alignwide is-style-wide\"\/>\n<\/div><\/div>\n\n\n\n<hr class=\"wp-block-separator has-css-opacity alignwide is-style-wide\"\/>\n\n\n<div class=\"wp-block-image\">\n<figure class=\"alignleft size-large is-resized\"><img loading=\"lazy\" decoding=\"async\" width=\"560\" height=\"904\" src=\"https:\/\/biogeo.ubbcluj.ro\/gta\/wp-content\/uploads\/2021\/09\/Veress-Laszlo_1.jpg\" alt=\"\" class=\"wp-image-237\" style=\"aspect-ratio:0.75;object-fit:cover;width:140px;height:auto\" srcset=\"https:\/\/biogeo.ubbcluj.ro\/gta\/wp-content\/uploads\/2021\/09\/Veress-Laszlo_1.jpg 560w, https:\/\/biogeo.ubbcluj.ro\/gta\/wp-content\/uploads\/2021\/09\/Veress-Laszlo_1-186x300.jpg 186w\" sizes=\"auto, (max-width: 560px) 100vw, 560px\" \/><\/figure><\/div>\n\n\n<div class=\"wp-block-group\"><div class=\"wp-block-group__inner-container is-layout-flow wp-block-group-is-layout-flow\">\n<p><strong>Laszlo VERESS<\/strong><\/p>\n\n\n\n<div class=\"wp-block-group is-vertical is-layout-flex wp-container-core-group-is-layout-8cf370e7 wp-block-group-is-layout-flex\">\n<p style=\"font-size:15px\">Conduc\u0103tor doctorat: <a href=\"https:\/\/biogeo.ubbcluj.ro\/gta\/wp-content\/uploads\/2026\/02\/EU_CV_Codrea-Vlad-2026.pdf\">Prof. dr. Vlad Codrea<\/a><\/p>\n\n\n\n<p style=\"font-size:15px\">Anul \u00eenmatricul\u0103rii: 2020<\/p>\n\n\n\n<p style=\"font-size:15px\">Tematica: Paleontologia vertebratelor<\/p>\n\n\n\n<p style=\"font-size:15px\">e-mail: laszlo.veress@ubbcluj.ro<\/p>\n<\/div>\n<\/div><\/div>\n\n\n\n<hr class=\"wp-block-separator has-css-opacity alignwide is-style-wide\"\/>\n\n\n\n<p><strong>M\u0103d\u0103lina Paula<\/strong> <strong>ANDRII<\/strong><\/p>\n\n\n\n<div class=\"wp-block-group is-vertical is-layout-flex wp-container-core-group-is-layout-8cf370e7 wp-block-group-is-layout-flex\">\n<p style=\"font-size:15px\">Conduc\u0103tor doctorat: <a href=\"https:\/\/biogeo.ubbcluj.ro\/gta\/wp-content\/uploads\/2026\/02\/CV_Tamas-CG_Engl.pdf\">Conf. dr. habil. C\u0103lin T\u0103ma\u0219<\/a><\/p>\n\n\n\n<p style=\"font-size:15px\">Anul \u00eenmatricul\u0103rii: 2019<\/p>\n\n\n\n<p style=\"font-size:15px\">Resurse minerale<\/p>\n\n\n\n<p style=\"font-size:15px\">e-mail: andrii.madalinapaula@gmail.com<\/p>\n<\/div>\n\n\n\n<hr class=\"wp-block-separator has-css-opacity alignwide is-style-wide\"\/>\n\n\n\n<p><\/p>\n\n\n\n<p><\/p>\n\n\n\n<p><\/p>\n","protected":false},"excerpt":{"rendered":"<p>Comisii de \u00eendrumare si integritate academica Lista publica\u021bii 2020-2025 Particip\u0103ri conferin\u021be\/simpozioane Doctoranzi \u00een stagiu Annamaria HEGEDUS Conduc\u0103tor de doctorat: Prof. dr. habil. Ioan Tan\u021b\u0103u Anul \u00eenmatricul\u0103rii: 2025 Tematica: Paleomedii mezozoice\/Biostratigrafie aplicata e-mail: annamaria.hegedus@ubbcluj.ro Alexandru CIUCLEA Conduc\u0103tor de doctorat: Prof. dr. habil. Ioan Tan\u021b\u0103u Anul \u00eenmatricul\u0103rii: 2025 Tematica: Paleomedii paleozoice si&hellip;<\/p>\n","protected":false},"author":1,"featured_media":0,"parent":0,"menu_order":0,"comment_status":"closed","ping_status":"closed","template":"fullwidth-template.php","meta":{"footnotes":""},"class_list":["post-158","page","type-page","status-publish","hentry"],"_links":{"self":[{"href":"https:\/\/biogeo.ubbcluj.ro\/gta\/index.php?rest_route=\/wp\/v2\/pages\/158","targetHints":{"allow":["GET"]}}],"collection":[{"href":"https:\/\/biogeo.ubbcluj.ro\/gta\/index.php?rest_route=\/wp\/v2\/pages"}],"about":[{"href":"https:\/\/biogeo.ubbcluj.ro\/gta\/index.php?rest_route=\/wp\/v2\/types\/page"}],"author":[{"embeddable":true,"href":"https:\/\/biogeo.ubbcluj.ro\/gta\/index.php?rest_route=\/wp\/v2\/users\/1"}],"replies":[{"embeddable":true,"href":"https:\/\/biogeo.ubbcluj.ro\/gta\/index.php?rest_route=%2Fwp%2Fv2%2Fcomments&post=158"}],"version-history":[{"count":178,"href":"https:\/\/biogeo.ubbcluj.ro\/gta\/index.php?rest_route=\/wp\/v2\/pages\/158\/revisions"}],"predecessor-version":[{"id":3146,"href":"https:\/\/biogeo.ubbcluj.ro\/gta\/index.php?rest_route=\/wp\/v2\/pages\/158\/revisions\/3146"}],"wp:attachment":[{"href":"https:\/\/biogeo.ubbcluj.ro\/gta\/index.php?rest_route=%2Fwp%2Fv2%2Fmedia&parent=158"}],"curies":[{"name":"wp","href":"https:\/\/api.w.org\/{rel}","templated":true}]}}